CRAN Package Check Results for Package nparsurv

Last updated on 2023-06-03 15:55:31 CEST.

Flavor Version Tinstall Tcheck Ttotal Status Flags
r-devel-linux-x86_64-debian-clang 0.1.0 6.40 66.66 73.06 NOTE
r-devel-linux-x86_64-debian-gcc 0.1.0 5.75 51.25 57.00 NOTE
r-devel-linux-x86_64-fedora-clang 0.1.0 93.52 NOTE
r-devel-linux-x86_64-fedora-gcc 0.1.0 88.43 NOTE
r-devel-windows-x86_64 0.1.0 7.00 66.00 73.00 NOTE
r-patched-linux-x86_64 0.1.0 NOTE
r-release-linux-x86_64 0.1.0 7.21 63.52 70.73 NOTE
r-release-macos-arm64 0.1.0 30.00 NOTE
r-release-macos-x86_64 0.1.0 49.00 NOTE
r-release-windows-x86_64 0.1.0 9.00 77.00 86.00 NOTE
r-oldrel-macos-arm64 0.1.0 28.00 NOTE
r-oldrel-macos-x86_64 0.1.0 42.00 NOTE
r-oldrel-windows-x86_64 0.1.0 10.00 77.00 87.00 NOTE

Check Details

Version: 0.1.0
Check: LazyData
Result: NOTE
     'LazyData' is specified without a 'data' directory
Flavors: r-devel-linux-x86_64-debian-clang, r-devel-linux-x86_64-debian-gcc, r-devel-linux-x86_64-fedora-clang, r-devel-linux-x86_64-fedora-gcc, r-devel-windows-x86_64, r-patched-linux-x86_64, r-release-linux-x86_64, r-release-macos-arm64, r-release-macos-x86_64, r-release-windows-x86_64, r-oldrel-macos-arm64, r-oldrel-macos-x86_64, r-oldrel-windows-x86_64