CRAN Package Check Results for Package nparsurv

Last updated on 2022-07-02 15:52:24 CEST.

Flavor Version Tinstall Tcheck Ttotal Status Flags
r-devel-linux-x86_64-debian-clang 0.1.0 8.36 63.19 71.55 NOTE
r-devel-linux-x86_64-debian-gcc 0.1.0 5.92 49.21 55.13 NOTE
r-devel-linux-x86_64-fedora-clang 0.1.0 98.75 NOTE
r-devel-linux-x86_64-fedora-gcc 0.1.0 94.66 NOTE
r-devel-windows-x86_64 0.1.0 10.00 84.00 94.00 NOTE
r-patched-linux-x86_64 0.1.0 7.74 61.19 68.93 NOTE
r-release-linux-x86_64 0.1.0 8.56 61.82 70.38 NOTE
r-release-macos-arm64 0.1.0 28.00 NOTE
r-release-macos-x86_64 0.1.0 42.00 NOTE
r-release-windows-x86_64 0.1.0 14.00 84.00 98.00 NOTE
r-oldrel-macos-arm64 0.1.0 36.00 NOTE
r-oldrel-macos-x86_64 0.1.0 59.00 NOTE
r-oldrel-windows-ix86+x86_64 0.1.0 16.00 81.00 97.00 NOTE

Check Details

Version: 0.1.0
Check: LazyData
Result: NOTE
     'LazyData' is specified without a 'data' directory
Flavors: r-devel-linux-x86_64-debian-clang, r-devel-linux-x86_64-debian-gcc, r-devel-linux-x86_64-fedora-clang, r-devel-linux-x86_64-fedora-gcc, r-devel-windows-x86_64, r-patched-linux-x86_64, r-release-linux-x86_64, r-release-macos-arm64, r-release-macos-x86_64, r-release-windows-x86_64, r-oldrel-macos-arm64, r-oldrel-macos-x86_64, r-oldrel-windows-ix86+x86_64