Last updated on 2022-05-22 03:51:31 CEST.
Flavor | Version | Tinstall | Tcheck | Ttotal | Status | Flags |
---|---|---|---|---|---|---|
r-devel-linux-x86_64-debian-clang | 0.60-11 | 76.68 | 496.58 | 573.26 | OK | |
r-devel-linux-x86_64-debian-gcc | 0.60-11 | 51.24 | 351.66 | 402.90 | OK | |
r-devel-linux-x86_64-fedora-clang | 0.60-11 | 675.86 | NOTE | |||
r-devel-linux-x86_64-fedora-gcc | 0.60-11 | 647.58 | OK | |||
r-devel-windows-x86_64 | 0.60-11 | 108.00 | 120.00 | 228.00 | OK | --no-examples --no-tests --no-vignettes |
r-patched-linux-x86_64 | 0.60-11 | 61.69 | 457.46 | 519.15 | OK | |
r-release-linux-x86_64 | 0.60-11 | 55.56 | 466.10 | 521.66 | OK | |
r-release-macos-arm64 | 0.60-11 | 298.00 | OK | |||
r-release-macos-x86_64 | 0.60-11 | 330.00 | OK | |||
r-release-windows-x86_64 | 0.60-11 | 101.00 | 122.00 | 223.00 | OK | --no-examples --no-tests --no-vignettes |
r-oldrel-macos-arm64 | 0.60-11 | 328.00 | OK | |||
r-oldrel-macos-x86_64 | 0.60-11 | 332.00 | OK | |||
r-oldrel-windows-ix86+x86_64 | 0.60-11 | 137.00 | 148.00 | 285.00 | OK | --no-examples --no-tests --no-vignettes |
Version: 0.60-11
Check: Rd cross-references
Result: NOTE
Undeclared packages ‘logspline’, ‘ks’ in Rd xrefs
Flavor: r-devel-linux-x86_64-fedora-clang