CRAN Package Check Results for Package nosoi

Last updated on 2022-06-26 03:50:07 CEST.

Flavor Version Tinstall Tcheck Ttotal Status Flags
r-devel-linux-x86_64-debian-clang 1.1.0 6.55 237.59 244.14 OK
r-devel-linux-x86_64-debian-gcc 1.1.0 4.29 164.91 169.20 OK
r-devel-linux-x86_64-fedora-clang 1.1.0 273.03 OK
r-devel-linux-x86_64-fedora-gcc 1.1.0 265.86 OK
r-devel-windows-x86_64 1.1.0 35.00 262.00 297.00 OK
r-patched-linux-x86_64 1.1.0 6.05 205.72 211.77 OK
r-release-linux-x86_64 1.1.0 4.72 208.81 213.53 OK
r-release-macos-arm64 1.1.0 61.00 NOTE
r-release-macos-x86_64 1.1.0 100.00 OK
r-release-windows-x86_64 1.1.0 26.00 248.00 274.00 OK
r-oldrel-macos-arm64 1.1.0 77.00 NOTE
r-oldrel-macos-x86_64 1.1.0 83.00 NOTE
r-oldrel-windows-ix86+x86_64 1.1.0 11.00 259.00 270.00 OK

Check Details

Version: 1.1.0
Check: package dependencies
Result: NOTE
    Packages suggested but not available for checking: 'treeio', 'ggtree'
Flavors: r-release-macos-arm64, r-oldrel-macos-arm64, r-oldrel-macos-x86_64

Version: 1.1.0
Check: Rd cross-references
Result: NOTE
    Package unavailable to check Rd xrefs: ‘treeio’
Flavors: r-release-macos-arm64, r-oldrel-macos-arm64, r-oldrel-macos-x86_64