CRAN Package Check Results for Package nos

Last updated on 2020-10-26 03:48:29 CET.

Flavor Version Tinstall Tcheck Ttotal Status Flags
r-devel-linux-x86_64-debian-clang 1.1.0 4.49 51.56 56.05 OK
r-devel-linux-x86_64-debian-gcc 1.1.0 3.54 37.39 40.93 OK
r-devel-linux-x86_64-fedora-clang 1.1.0 73.98 NOTE
r-devel-linux-x86_64-fedora-gcc 1.1.0 62.52 OK
r-devel-windows-ix86+x86_64 1.1.0 11.00 75.00 86.00 OK
r-patched-linux-x86_64 1.1.0 4.02 48.43 52.45 OK
r-patched-solaris-x86 1.1.0 90.10 OK
r-release-linux-x86_64 1.1.0 4.45 48.10 52.55 OK
r-release-macos-x86_64 1.1.0 OK
r-release-windows-ix86+x86_64 1.1.0 9.00 51.00 60.00 OK
r-oldrel-macos-x86_64 1.1.0 OK
r-oldrel-windows-ix86+x86_64 1.1.0 8.00 57.00 65.00 OK

Check Details

Version: 1.1.0
Check: Rd cross-references
Result: NOTE
    Undeclared package ‘bipartite’ in Rd xrefs
Flavor: r-devel-linux-x86_64-fedora-clang