CRAN Package Check Results for Package nor1mix

Last updated on 2020-10-31 03:52:48 CET.

Flavor Version Tinstall Tcheck Ttotal Status Flags
r-devel-linux-x86_64-debian-clang 1.3-0 3.24 30.83 34.07 OK
r-devel-linux-x86_64-debian-gcc 1.3-0 2.25 23.27 25.52 OK
r-devel-linux-x86_64-fedora-clang 1.3-0 49.54 NOTE
r-devel-linux-x86_64-fedora-gcc 1.3-0 38.65 OK
r-devel-windows-ix86+x86_64 1.3-0 6.00 47.00 53.00 OK
r-patched-linux-x86_64 1.3-0 3.22 28.86 32.08 OK
r-patched-solaris-x86 1.3-0 56.20 OK
r-release-linux-x86_64 1.3-0 3.01 28.75 31.76 OK
r-release-macos-x86_64 1.3-0 OK
r-release-windows-ix86+x86_64 1.3-0 5.00 48.00 53.00 OK
r-oldrel-macos-x86_64 1.3-0 OK
r-oldrel-windows-ix86+x86_64 1.3-0 5.00 35.00 40.00 OK

Check Details

Version: 1.3-0
Check: Rd cross-references
Result: NOTE
    Undeclared package ‘copula’ in Rd xrefs
Flavor: r-devel-linux-x86_64-fedora-clang