CRAN Package Check Results for Package nomogramFormula

Last updated on 2022-08-13 15:53:56 CEST.

Flavor Version Tinstall Tcheck Ttotal Status Flags
r-devel-linux-x86_64-debian-clang 1.2.0.0 3.03 34.95 37.98 NOTE
r-devel-linux-x86_64-debian-gcc 1.2.0.0 1.36 26.28 27.64 NOTE
r-devel-linux-x86_64-fedora-clang 1.2.0.0 56.06 NOTE
r-devel-linux-x86_64-fedora-gcc 1.2.0.0 56.35 NOTE
r-devel-windows-x86_64 1.2.0.0 13.00 59.00 72.00 NOTE
r-patched-linux-x86_64 1.2.0.0 2.13 33.92 36.05 NOTE
r-release-linux-x86_64 1.2.0.0 1.81 33.83 35.64 NOTE
r-release-macos-arm64 1.2.0.0 21.00 NOTE
r-release-macos-x86_64 1.2.0.0 32.00 NOTE
r-release-windows-x86_64 1.2.0.0 32.00 60.00 92.00 NOTE
r-oldrel-macos-arm64 1.2.0.0 23.00 NOTE
r-oldrel-macos-x86_64 1.2.0.0 29.00 NOTE
r-oldrel-windows-ix86+x86_64 1.2.0.0 8.00 55.00 63.00 NOTE

Check Details

Version: 1.2.0.0
Check: LazyData
Result: NOTE
     'LazyData' is specified without a 'data' directory
Flavors: r-devel-linux-x86_64-debian-clang, r-devel-linux-x86_64-debian-gcc, r-devel-linux-x86_64-fedora-clang, r-devel-linux-x86_64-fedora-gcc, r-devel-windows-x86_64, r-patched-linux-x86_64, r-release-linux-x86_64, r-release-macos-arm64, r-release-macos-x86_64, r-release-windows-x86_64, r-oldrel-macos-arm64, r-oldrel-macos-x86_64, r-oldrel-windows-ix86+x86_64