CRAN Package Check Results for Package nomogramFormula

Last updated on 2024-07-18 15:49:06 CEST.

Flavor Version Tinstall Tcheck Ttotal Status Flags
r-devel-linux-x86_64-debian-clang 1.2.0.0 2.70 33.57 36.27 NOTE
r-devel-linux-x86_64-debian-gcc 1.2.0.0 2.26 24.92 27.18 NOTE
r-devel-linux-x86_64-fedora-clang 1.2.0.0 45.46 NOTE
r-devel-linux-x86_64-fedora-gcc 1.2.0.0 43.09 NOTE
r-devel-windows-x86_64 1.2.0.0 4.00 48.00 52.00 NOTE
r-patched-linux-x86_64 1.2.0.0 2.41 31.26 33.67 NOTE
r-release-linux-x86_64 1.2.0.0 1.65 30.69 32.34 NOTE
r-release-macos-arm64 1.2.0.0 19.00 NOTE
r-release-macos-x86_64 1.2.0.0 24.00 NOTE
r-release-windows-x86_64 1.2.0.0 4.00 48.00 52.00 NOTE
r-oldrel-macos-arm64 1.2.0.0 19.00 NOTE
r-oldrel-macos-x86_64 1.2.0.0 25.00 NOTE
r-oldrel-windows-x86_64 1.2.0.0 5.00 51.00 56.00 NOTE

Check Details

Version: 1.2.0.0
Check: LazyData
Result: NOTE 'LazyData' is specified without a 'data' directory Flavors: r-devel-linux-x86_64-debian-clang, r-devel-linux-x86_64-debian-gcc, r-devel-linux-x86_64-fedora-clang, r-devel-linux-x86_64-fedora-gcc, r-devel-windows-x86_64, r-patched-linux-x86_64, r-release-linux-x86_64, r-release-macos-arm64, r-release-macos-x86_64, r-release-windows-x86_64, r-oldrel-macos-arm64, r-oldrel-macos-x86_64, r-oldrel-windows-x86_64