CRAN Package Check Results for Package noah

Last updated on 2022-09-30 04:59:15 CEST.

Flavor Version Tinstall Tcheck Ttotal Status Flags
r-devel-linux-x86_64-debian-clang 0.1.0 3.78 53.03 56.81 NOTE
r-devel-linux-x86_64-debian-gcc 0.1.0 2.42 39.49 41.91 NOTE
r-devel-linux-x86_64-fedora-clang 0.1.0 81.32 NOTE
r-devel-linux-x86_64-fedora-gcc 0.1.0 85.50 NOTE
r-devel-windows-x86_64 0.1.0 11.00 83.00 94.00 NOTE
r-patched-linux-x86_64 0.1.0 4.49 50.82 55.31 NOTE
r-release-linux-x86_64 0.1.0 4.21 49.45 53.66 NOTE
r-release-macos-arm64 0.1.0 22.00 NOTE
r-release-macos-x86_64 0.1.0 44.00 NOTE
r-release-windows-x86_64 0.1.0 12.00 74.00 86.00 NOTE
r-oldrel-macos-arm64 0.1.0 28.00 NOTE
r-oldrel-macos-x86_64 0.1.0 47.00 NOTE
r-oldrel-windows-ix86+x86_64 0.1.0 9.00 73.00 82.00 NOTE

Check Details

Version: 0.1.0
Check: LazyData
Result: NOTE
     'LazyData' is specified without a 'data' directory
Flavors: r-devel-linux-x86_64-debian-clang, r-devel-linux-x86_64-debian-gcc, r-devel-linux-x86_64-fedora-clang, r-devel-linux-x86_64-fedora-gcc, r-devel-windows-x86_64, r-patched-linux-x86_64, r-release-linux-x86_64, r-release-macos-arm64, r-release-macos-x86_64, r-release-windows-x86_64, r-oldrel-macos-arm64, r-oldrel-macos-x86_64, r-oldrel-windows-ix86+x86_64

Version: 0.1.0
Check: dependencies in R code
Result: NOTE
    Namespaces in Imports field not imported from:
     ‘R6’ ‘crayon’ ‘digest’ ‘hash’
     All declared Imports should be used.
Flavors: r-devel-linux-x86_64-fedora-clang, r-devel-linux-x86_64-fedora-gcc, r-release-macos-arm64, r-release-macos-x86_64, r-oldrel-macos-arm64, r-oldrel-macos-x86_64