CRAN Package Check Results for Package noah

Last updated on 2023-10-01 05:05:48 CEST.

Flavor Version Tinstall Tcheck Ttotal Status Flags
r-devel-linux-x86_64-debian-clang 0.1.0 3.91 51.96 55.87 NOTE
r-devel-linux-x86_64-debian-gcc 0.1.0 3.23 39.09 42.32 NOTE
r-devel-linux-x86_64-fedora-clang 0.1.0 69.13 NOTE
r-devel-linux-x86_64-fedora-gcc 0.1.0 66.30 NOTE
r-devel-windows-x86_64 0.1.0 5.00 67.00 72.00 NOTE
r-patched-linux-x86_64 0.1.0 4.09 49.84 53.93 NOTE
r-release-linux-x86_64 0.1.0 4.13 51.01 55.14 NOTE
r-release-macos-arm64 0.1.0 29.00 NOTE
r-release-macos-x86_64 0.1.0 38.00 NOTE
r-release-windows-x86_64 0.1.0 6.00 70.00 76.00 NOTE
r-oldrel-macos-arm64 0.1.0 22.00 NOTE
r-oldrel-macos-x86_64 0.1.0 44.00 NOTE
r-oldrel-windows-x86_64 0.1.0 6.00 66.00 72.00 NOTE

Check Details

Version: 0.1.0
Check: LazyData
Result: NOTE
     'LazyData' is specified without a 'data' directory
Flavors: r-devel-linux-x86_64-debian-clang, r-devel-linux-x86_64-debian-gcc, r-devel-linux-x86_64-fedora-clang, r-devel-linux-x86_64-fedora-gcc, r-devel-windows-x86_64, r-patched-linux-x86_64, r-release-linux-x86_64, r-release-macos-arm64, r-release-macos-x86_64, r-release-windows-x86_64, r-oldrel-macos-arm64, r-oldrel-macos-x86_64, r-oldrel-windows-x86_64

Version: 0.1.0
Check: dependencies in R code
Result: NOTE
    Namespaces in Imports field not imported from:
     ‘R6’ ‘crayon’ ‘digest’ ‘hash’
     All declared Imports should be used.
Flavors: r-devel-linux-x86_64-fedora-clang, r-devel-linux-x86_64-fedora-gcc, r-oldrel-macos-arm64, r-oldrel-macos-x86_64