Last updated on 2023-02-05 15:55:21 CET.
Flavor | Version | Tinstall | Tcheck | Ttotal | Status | Flags |
---|---|---|---|---|---|---|
r-devel-linux-x86_64-debian-clang | 0.1.9 | 172.33 | 56.21 | 228.54 | OK | |
r-devel-linux-x86_64-debian-gcc | 0.1.9 | 139.45 | 42.32 | 181.77 | OK | |
r-devel-linux-x86_64-fedora-clang | 0.1.10 | 328.82 | OK | |||
r-devel-linux-x86_64-fedora-gcc | 0.1.10 | 265.21 | OK | |||
r-devel-windows-x86_64 | 0.1.9 | 152.00 | 138.00 | 290.00 | OK | |
r-patched-linux-x86_64 | 0.1.9 | 140.80 | 56.09 | 196.89 | OK | |
r-release-linux-x86_64 | 0.1.9 | 141.81 | 54.57 | 196.38 | OK | |
r-release-macos-arm64 | 0.1.10 | 69.00 | NOTE | |||
r-release-macos-x86_64 | 0.1.9 | 96.00 | NOTE | |||
r-release-windows-x86_64 | 0.1.9 | 132.00 | 140.00 | 272.00 | OK | |
r-oldrel-macos-arm64 | 0.1.10 | 65.00 | NOTE | |||
r-oldrel-macos-x86_64 | 0.1.9 | 98.00 | NOTE | |||
r-oldrel-windows-ix86+x86_64 | 0.1.9 | 392.00 | 137.00 | 529.00 | OK |
Version: 0.1.10
Check: installed package size
Result: NOTE
installed size is 8.3Mb
sub-directories of 1Mb or more:
libs 7.8Mb
Flavors: r-release-macos-arm64, r-oldrel-macos-arm64
Version: 0.1.9
Check: installed package size
Result: NOTE
installed size is 8.1Mb
sub-directories of 1Mb or more:
libs 7.5Mb
Flavors: r-release-macos-x86_64, r-oldrel-macos-x86_64