CRAN Package Check Results for Package nnfor

Last updated on 2020-09-24 03:53:02 CEST.

Flavor Version Tinstall Tcheck Ttotal Status Flags
r-devel-linux-x86_64-debian-clang 0.9.6 13.08 111.87 124.95 OK
r-devel-linux-x86_64-debian-gcc 0.9.6 10.75 86.14 96.89 OK
r-devel-linux-x86_64-fedora-clang 0.9.6 165.24 NOTE
r-devel-linux-x86_64-fedora-gcc 0.9.6 154.47 NOTE
r-devel-windows-ix86+x86_64 0.9.6 32.00 104.00 136.00 OK
r-patched-linux-x86_64 0.9.6 12.36 104.52 116.88 OK
r-patched-solaris-x86 0.9.6 206.90 NOTE
r-release-linux-x86_64 0.9.6 11.89 107.03 118.92 OK
r-release-macos-x86_64 0.9.6 NOTE
r-release-windows-ix86+x86_64 0.9.6 32.00 132.00 164.00 OK
r-oldrel-macos-x86_64 0.9.6 NOTE
r-oldrel-windows-ix86+x86_64 0.9.6 17.00 131.00 148.00 OK

Check Details

Version: 0.9.6
Check: dependencies in R code
Result: NOTE
    Namespace in Imports field not imported from: ‘uroot’
     All declared Imports should be used.
Flavors: r-devel-linux-x86_64-fedora-clang, r-devel-linux-x86_64-fedora-gcc, r-patched-solaris-x86, r-release-macos-x86_64, r-oldrel-macos-x86_64