CRAN Package Check Results for Package nlreg

Last updated on 2024-06-18 15:49:28 CEST.

Flavor Version Tinstall Tcheck Ttotal Status Flags
r-devel-linux-x86_64-debian-clang 1.2-2.2 15.66 109.83 125.49 NOTE
r-devel-linux-x86_64-debian-gcc 1.2-2.2 8.81 79.23 88.04 NOTE
r-devel-linux-x86_64-fedora-clang 1.2-2.2 151.14 NOTE
r-devel-linux-x86_64-fedora-gcc 1.2-2.2 142.47 NOTE
r-devel-windows-x86_64 1.2-2.2 11.00 100.00 111.00 NOTE
r-patched-linux-x86_64 1.2-2.2 11.02 104.39 115.41 NOTE
r-release-linux-x86_64 1.2-2.2 13.61 105.63 119.24 NOTE
r-release-macos-arm64 1.2-2.2 41.00 NOTE
r-release-macos-x86_64 1.2-2.2 60.00 NOTE
r-release-windows-x86_64 1.2-2.2 12.00 99.00 111.00 NOTE
r-oldrel-macos-arm64 1.2-2.2 46.00 NOTE
r-oldrel-macos-x86_64 1.2-2.2 78.00 NOTE
r-oldrel-windows-x86_64 1.2-2.2 15.00 123.00 138.00 NOTE

Check Details

Version: 1.2-2.2
Check: Rd files
Result: NOTE checkRd: (-1) Dmean.Rd:62: Escaped LaTeX specials: \& checkRd: (-1) Dvar.Rd:63: Escaped LaTeX specials: \& Flavors: r-devel-linux-x86_64-debian-clang, r-devel-linux-x86_64-debian-gcc, r-devel-linux-x86_64-fedora-clang, r-devel-linux-x86_64-fedora-gcc, r-devel-windows-x86_64, r-patched-linux-x86_64, r-release-linux-x86_64, r-release-macos-arm64, r-release-macos-x86_64, r-release-windows-x86_64, r-oldrel-macos-arm64, r-oldrel-macos-x86_64, r-oldrel-windows-x86_64

Version: 1.2-2.2
Check: package dependencies
Result: NOTE Package suggested but not available for checking: ‘csampling’ Flavor: r-oldrel-macos-x86_64

Version: 1.2-2.2
Check: Rd cross-references
Result: NOTE Package unavailable to check Rd xrefs: ‘csampling’ Flavor: r-oldrel-macos-x86_64