CRAN Package Check Results for Package nlraa

Last updated on 2020-11-27 03:50:16 CET.

Flavor Version Tinstall Tcheck Ttotal Status Flags
r-devel-linux-x86_64-debian-clang 0.76 17.73 377.90 395.63 NOTE
r-devel-linux-x86_64-debian-gcc 0.76 12.53 275.90 288.43 NOTE
r-devel-linux-x86_64-fedora-clang 0.76 489.23 NOTE
r-devel-linux-x86_64-fedora-gcc 0.76 465.77 NOTE
r-devel-windows-ix86+x86_64 0.76 26.00 316.00 342.00 OK
r-patched-linux-x86_64 0.76 14.83 368.11 382.94 NOTE
r-patched-solaris-x86 0.76 591.30 NOTE
r-release-linux-x86_64 0.76 14.17 355.03 369.20 NOTE
r-release-macos-x86_64 0.76 OK
r-release-windows-ix86+x86_64 0.76 27.00 455.00 482.00 OK
r-oldrel-macos-x86_64 0.76 OK
r-oldrel-windows-ix86+x86_64 0.76 24.00 361.00 385.00 OK

Check Details

Version: 0.76
Check: package dependencies
Result: NOTE
    Package suggested but not available for checking: 'HydroMe'
Flavors: r-devel-linux-x86_64-debian-clang, r-devel-linux-x86_64-debian-gcc, r-devel-linux-x86_64-fedora-clang, r-devel-linux-x86_64-fedora-gcc, r-patched-linux-x86_64, r-patched-solaris-x86, r-release-linux-x86_64

Version: 0.76
Check: installed package size
Result: NOTE
     installed size is 5.0Mb
     sub-directories of 1Mb or more:
     doc 4.4Mb
Flavor: r-patched-solaris-x86