Last updated on 2023-03-26 15:52:39 CEST.
Flavor | Version | Tinstall | Tcheck | Ttotal | Status | Flags |
---|---|---|---|---|---|---|
r-devel-linux-x86_64-debian-clang | 0.1.0 | 17.79 | 133.28 | 151.07 | OK | |
r-devel-linux-x86_64-debian-gcc | 0.1.0 | 13.28 | 99.12 | 112.40 | OK | |
r-devel-linux-x86_64-fedora-clang | 0.1.0 | 192.53 | NOTE | |||
r-devel-linux-x86_64-fedora-gcc | 0.1.0 | 186.31 | NOTE | |||
r-patched-linux-x86_64 | 0.1.0 | 16.06 | 122.40 | 138.46 | OK | |
r-release-linux-x86_64 | 0.1.0 | 15.56 | 124.73 | 140.29 | OK | |
r-release-macos-arm64 | 0.1.0 | 48.00 | NOTE | |||
r-release-macos-x86_64 | 0.1.0 | 70.00 | NOTE | |||
r-release-windows-x86_64 | 0.1.0 | 28.00 | 160.00 | 188.00 | OK | |
r-oldrel-macos-arm64 | 0.1.0 | 51.00 | NOTE | |||
r-oldrel-macos-x86_64 | 0.1.0 | 71.00 | NOTE | |||
r-oldrel-windows-ix86+x86_64 | 0.1.0 | 39.00 | 148.00 | 187.00 | OK |
Version: 0.1.0
Check: dependencies in R code
Result: NOTE
Namespaces in Imports field not imported from:
‘knitr’ ‘nlraa’
All declared Imports should be used.
Flavors: r-devel-linux-x86_64-fedora-clang, r-devel-linux-x86_64-fedora-gcc, r-release-macos-arm64, r-release-macos-x86_64, r-oldrel-macos-arm64, r-oldrel-macos-x86_64