Last updated on 2022-06-28 15:53:22 CEST.
Flavor | Version | Tinstall | Tcheck | Ttotal | Status | Flags |
---|---|---|---|---|---|---|
r-devel-linux-x86_64-debian-clang | 0.3.5 | 35.23 | 357.01 | 392.24 | OK | |
r-devel-linux-x86_64-debian-gcc | 0.3.5 | 30.65 | 263.43 | 294.08 | OK | |
r-devel-linux-x86_64-fedora-clang | 0.3.5 | 477.55 | WARN | |||
r-devel-linux-x86_64-fedora-gcc | 0.3.5 | 478.77 | WARN | |||
r-devel-windows-x86_64 | 0.3.5 | 45.00 | 356.00 | 401.00 | OK | |
r-patched-linux-x86_64 | 0.3.5 | 37.08 | 338.23 | 375.31 | OK | |
r-release-linux-x86_64 | 0.3.5 | 36.32 | 339.78 | 376.10 | OK | |
r-release-macos-arm64 | 0.3.5 | 127.00 | OK | |||
r-release-macos-x86_64 | 0.3.5 | 214.00 | OK | |||
r-release-windows-x86_64 | 0.3.5 | 43.00 | 340.00 | 383.00 | OK | |
r-oldrel-macos-arm64 | 0.3.5 | 162.00 | OK | |||
r-oldrel-macos-x86_64 | 0.3.5 | 188.00 | NOTE | |||
r-oldrel-windows-ix86+x86_64 | 0.3.5 | 74.00 | 340.00 | 414.00 | OK |
Version: 0.3.5
Check: package dependencies
Result: WARN
Requires (indirectly) orphaned package: ‘gtools’
Flavors: r-devel-linux-x86_64-fedora-clang, r-devel-linux-x86_64-fedora-gcc
Version: 0.3.5
Check: package dependencies
Result: NOTE
Package suggested but not available for checking: ‘ALL’
Flavor: r-oldrel-macos-x86_64