CRAN Package Check Results for Package nlcv

Last updated on 2020-12-01 04:47:41 CET.

Flavor Version Tinstall Tcheck Ttotal Status Flags
r-devel-linux-x86_64-debian-clang 0.3.5 32.83 249.06 281.89 OK
r-devel-linux-x86_64-debian-gcc 0.3.5 21.39 192.08 213.47 OK
r-devel-linux-x86_64-fedora-clang 0.3.5 338.35 OK
r-devel-linux-x86_64-fedora-gcc 0.3.5 333.16 OK
r-devel-windows-ix86+x86_64 0.3.5 58.00 217.00 275.00 OK
r-patched-linux-x86_64 0.3.5 27.64 245.77 273.41 OK
r-patched-solaris-x86 0.3.5 460.50 OK
r-release-linux-x86_64 0.3.5 23.80 252.06 275.86 OK
r-release-macos-x86_64 0.3.5 NOTE
r-release-windows-ix86+x86_64 0.3.5 46.00 219.00 265.00 OK
r-oldrel-macos-x86_64 0.3.5 WARN
r-oldrel-windows-ix86+x86_64 0.3.5 52.00 332.00 384.00 OK

Check Details

Version: 0.3.5
Check: package dependencies
Result: NOTE
    Package suggested but not available for checking: ‘ALL’
Flavors: r-release-macos-x86_64, r-oldrel-macos-x86_64

Version: 0.3.5
Check: whether package can be installed
Result: WARN
    Found the following significant warnings:
     Warning: package ‘AnnotationDbi’ was built under R version 3.6.1
     Warning: package ‘IRanges’ was built under R version 3.6.1
     Warning: package ‘S4Vectors’ was built under R version 3.6.1
Flavor: r-oldrel-macos-x86_64