CRAN Package Check Results for Package nhm

Last updated on 2020-09-22 03:49:32 CEST.

Flavor Version Tinstall Tcheck Ttotal Status Flags
r-devel-linux-x86_64-debian-clang 0.1.0 7.77 54.48 62.25 OK
r-devel-linux-x86_64-debian-gcc 0.1.0 0.32 1.91 2.23 ERROR
r-devel-linux-x86_64-fedora-clang 0.1.0 85.51 OK
r-devel-linux-x86_64-fedora-gcc 0.1.0 80.29 OK
r-devel-windows-ix86+x86_64 0.1.0 15.00 74.00 89.00 OK
r-patched-linux-x86_64 0.1.0 7.88 53.07 60.95 OK
r-patched-solaris-x86 0.1.0 102.70 OK
r-release-linux-x86_64 0.1.0 6.58 53.30 59.88 OK
r-release-macos-x86_64 0.1.0 OK
r-release-windows-ix86+x86_64 0.1.0 16.00 75.00 91.00 OK
r-oldrel-macos-x86_64 0.1.0 OK
r-oldrel-windows-ix86+x86_64 0.1.0 8.00 85.00 93.00 OK

Check Details

Version: 0.1.0
Check: whether package can be installed
Result: ERROR
    Installation failed.
Flavor: r-devel-linux-x86_64-debian-gcc