CRAN Package Check Results for Package nhm

Last updated on 2021-09-19 03:51:17 CEST.

Flavor Version Tinstall Tcheck Ttotal Status Flags
r-devel-linux-x86_64-debian-clang 0.1.0 8.12 59.73 67.85 OK
r-devel-linux-x86_64-debian-gcc 0.1.0 5.32 45.03 50.35 OK
r-devel-linux-x86_64-fedora-clang 0.1.0 87.39 OK
r-devel-linux-x86_64-fedora-gcc 0.1.0 76.76 OK
r-devel-windows-x86_64 0.1.0 8.00 77.00 85.00 OK
r-devel-windows-x86_64-gcc10-UCRT 0.1.0 ERROR
r-patched-linux-x86_64 0.1.0 9.78 56.78 66.56 OK
r-patched-solaris-x86 0.1.0 108.30 OK
r-release-linux-x86_64 0.1.0 5.91 57.74 63.65 OK
r-release-macos-arm64 0.1.0 OK
r-release-macos-x86_64 0.1.0 OK
r-release-windows-ix86+x86_64 0.1.0 16.00 70.00 86.00 OK
r-oldrel-macos-x86_64 0.1.0 OK
r-oldrel-windows-ix86+x86_64 0.1.0 16.00 69.00 85.00 OK

Check Details

Version: 0.1.0
Check: whether package can be installed
Result: ERROR
    Installation failed.
Flavor: r-devel-windows-x86_64-gcc10-UCRT