Last updated on 2022-06-29 03:52:46 CEST.
Flavor | Version | Tinstall | Tcheck | Ttotal | Status | Flags |
---|---|---|---|---|---|---|
r-devel-linux-x86_64-debian-clang | 1.2.0 | 3.34 | 54.40 | 57.74 | OK | |
r-devel-linux-x86_64-debian-gcc | 1.2.0 | 4.10 | 41.63 | 45.73 | OK | |
r-devel-linux-x86_64-fedora-clang | 1.2.0 | 81.74 | NOTE | |||
r-devel-linux-x86_64-fedora-gcc | 1.2.0 | 82.43 | NOTE | |||
r-devel-windows-x86_64 | 1.2.0 | 74.00 | 123.00 | 197.00 | OK | |
r-patched-linux-x86_64 | 1.2.0 | 5.98 | 52.49 | 58.47 | OK | |
r-release-linux-x86_64 | 1.2.0 | 4.52 | 52.37 | 56.89 | OK | |
r-release-macos-arm64 | 1.2.0 | 32.00 | NOTE | |||
r-release-macos-x86_64 | 1.2.0 | 49.00 | NOTE | |||
r-release-windows-x86_64 | 1.2.0 | 68.00 | 134.00 | 202.00 | OK | |
r-oldrel-macos-arm64 | 1.2.0 | 39.00 | NOTE | |||
r-oldrel-macos-x86_64 | 1.2.0 | 73.00 | NOTE | |||
r-oldrel-windows-ix86+x86_64 | 1.2.0 | 12.00 | 107.00 | 119.00 | OK |
Version: 1.2.0
Check: dependencies in R code
Result: NOTE
Namespaces in Imports field not imported from:
‘curl’ ‘qs’
All declared Imports should be used.
Flavors: r-devel-linux-x86_64-fedora-clang, r-devel-linux-x86_64-fedora-gcc, r-release-macos-arm64, r-release-macos-x86_64, r-oldrel-macos-arm64, r-oldrel-macos-x86_64
Version: 1.2.0
Check: Rd cross-references
Result: NOTE
Undeclared package ‘yaml’ in Rd xrefs
Flavor: r-devel-linux-x86_64-fedora-clang