CRAN Package Check Results for Package netmeta

Last updated on 2024-07-12 15:52:54 CEST.

Flavor Version Tinstall Tcheck Ttotal Status Flags
r-devel-linux-x86_64-debian-clang 2.9-0 39.73 566.85 606.58 OK
r-devel-linux-x86_64-debian-gcc 2.9-0 32.14 439.24 471.38 OK
r-devel-linux-x86_64-fedora-clang 2.9-0 793.04 NOTE
r-devel-linux-x86_64-fedora-gcc 2.9-0 757.01 NOTE
r-devel-windows-x86_64 2.9-0 34.00 487.00 521.00 NOTE
r-patched-linux-x86_64 2.9-0 43.98 593.63 637.61 OK
r-release-linux-x86_64 2.9-0 27.06 581.75 608.81 OK
r-release-macos-arm64 2.9-0 191.00 OK
r-release-macos-x86_64 2.9-0 311.00 OK
r-release-windows-x86_64 2.9-0 34.00 501.00 535.00 OK
r-oldrel-macos-arm64 2.9-0 159.00 OK
r-oldrel-macos-x86_64 2.9-0 353.00 OK
r-oldrel-windows-x86_64 2.9-0 45.00 627.00 672.00 OK

Check Details

Version: 2.9-0
Check: Rd cross-references
Result: NOTE Undeclared package ‘crossnma’ in Rd xrefs Flavor: r-devel-linux-x86_64-fedora-clang

Version: 2.9-0
Check: data for non-ASCII characters
Result: NOTE Note: found 2 marked UTF-8 strings Flavors: r-devel-linux-x86_64-fedora-clang, r-devel-linux-x86_64-fedora-gcc

Version: 2.9-0
Check: Rd cross-references
Result: NOTE Found the following Rd file(s) with Rd \link{} targets missing package anchors: Baker2009.Rd: metabin Dogliotti2014.Rd: metabin Dong2013.Rd: metabin Franchini2012.Rd: metacont Gurusamy2011.Rd: metabin Linde2015.Rd: metabin Stowe2010.Rd: metacont Woods2010.Rd: metabin dietaryfat.Rd: metainc forest.netbind.Rd: forest.meta forest.netcomb.Rd: forest.meta forest.netcomparison.Rd: forest.meta forest.netcomplex.Rd: forest.meta forest.netmeta.Rd: forest.meta forest.netsplit.Rd: forest.meta funnel.netmeta.Rd: funnel.meta, metabias metabias.netmeta.Rd: metabias netmeta.Rd: metabin, metacont, metainc, metagen netpairwise.Rd: metagen pairwise.Rd: metabin, metacont, metainc, metagen radial.netmeta.Rd: radial.meta, funnel.meta, metabias smokingcessation.Rd: metabin Please provide package anchors for all Rd \link{} targets not in the package itself and the base packages. Flavor: r-devel-windows-x86_64