CRAN Package Check Results for Package netgsa

Last updated on 2020-09-22 16:02:34 CEST.

Flavor Version Tinstall Tcheck Ttotal Status Flags
r-devel-linux-x86_64-debian-clang 3.1.0 22.22 209.81 232.03 OK
r-devel-linux-x86_64-debian-gcc 3.1.0 18.30 168.34 186.64 OK
r-devel-linux-x86_64-fedora-clang 3.1.0 303.44 NOTE
r-devel-linux-x86_64-fedora-gcc 3.1.0 306.41 OK
r-devel-windows-ix86+x86_64 3.1.0 49.00 210.00 259.00 NOTE
r-patched-linux-x86_64 3.1.0 20.30 207.64 227.94 OK
r-patched-solaris-x86 3.1.0 415.90 NOTE
r-release-linux-x86_64 3.1.0 18.96 206.58 225.54 OK
r-release-macos-x86_64 3.1.0 NOTE
r-release-windows-ix86+x86_64 3.1.0 47.00 257.00 304.00 NOTE
r-oldrel-macos-x86_64 3.1.0 WARN
r-oldrel-windows-ix86+x86_64 3.1.0 29.00 244.00 273.00 NOTE

Check Details

Version: 3.1.0
Check: installed package size
Result: NOTE
     installed size is 5.7Mb
     sub-directories of 1Mb or more:
     data 5.4Mb
Flavors: r-devel-linux-x86_64-fedora-clang, r-devel-windows-ix86+x86_64, r-patched-solaris-x86, r-release-macos-x86_64, r-release-windows-ix86+x86_64, r-oldrel-macos-x86_64, r-oldrel-windows-ix86+x86_64

Version: 3.1.0
Check: re-building of vignette outputs
Result: WARN
    Error(s) in re-building vignettes:
     ...
    --- re-building ‘netgsa.Rmd’ using rmarkdown
    Warning in engine$weave(file, quiet = quiet, encoding = enc) :
     Pandoc (>= 1.12.3) and/or pandoc-citeproc not available. Falling back to R Markdown v1.
    Quitting from lines 86-89 (netgsa.Rmd)
    Error: processing vignette 'netgsa.Rmd' failed with diagnostics:
    error creating directory: /Users/urbanek/Library/Caches/graphite-bioc/12
    --- failed re-building ‘netgsa.Rmd’
    
    SUMMARY: processing the following file failed:
     ‘netgsa.Rmd’
    
    Error: Vignette re-building failed.
    Execution halted
Flavor: r-oldrel-macos-x86_64