Last updated on 2023-01-30 02:54:15 CET.
Flavor | Version | Tinstall | Tcheck | Ttotal | Status | Flags |
---|---|---|---|---|---|---|
r-devel-linux-x86_64-debian-clang | 2.1.6 | 6.54 | 377.53 | 384.07 | OK | |
r-devel-linux-x86_64-debian-gcc | 2.1.6 | 6.20 | 265.37 | 271.57 | OK | |
r-devel-linux-x86_64-fedora-clang | 2.1.6 | 447.65 | NOTE | |||
r-devel-linux-x86_64-fedora-gcc | 2.1.6 | 450.78 | NOTE | |||
r-devel-windows-x86_64 | 2.1.6 | 30.00 | 399.00 | 429.00 | OK | |
r-patched-linux-x86_64 | 2.1.6 | 6.10 | 347.38 | 353.48 | OK | |
r-release-linux-x86_64 | 2.1.6 | 5.07 | 355.13 | 360.20 | OK | |
r-release-macos-arm64 | 2.1.6 | 76.00 | NOTE | |||
r-release-macos-x86_64 | 2.1.6 | 153.00 | NOTE | |||
r-release-windows-x86_64 | 2.1.6 | 31.00 | 393.00 | 424.00 | OK | |
r-oldrel-macos-arm64 | 2.1.6 | 94.00 | NOTE | |||
r-oldrel-macos-x86_64 | 2.1.6 | 155.00 | NOTE | |||
r-oldrel-windows-ix86+x86_64 | 2.1.6 | 15.00 | 407.00 | 422.00 | OK |
Version: 2.1.6
Check: dependencies in R code
Result: NOTE
Namespaces in Imports field not imported from:
‘ggfortify’ ‘ggplot2’ ‘ggraph’ ‘reshape2’
All declared Imports should be used.
Flavors: r-devel-linux-x86_64-fedora-clang, r-devel-linux-x86_64-fedora-gcc, r-release-macos-arm64, r-release-macos-x86_64, r-oldrel-macos-arm64, r-oldrel-macos-x86_64