CRAN Package Check Results for Package netCoin

Last updated on 2022-06-27 15:53:49 CEST.

Flavor Version Tinstall Tcheck Ttotal Status Flags
r-devel-linux-x86_64-debian-clang 2.0.20 14.01 115.76 129.77 NOTE
r-devel-linux-x86_64-debian-gcc 2.0.20 11.53 86.58 98.11 NOTE
r-devel-linux-x86_64-fedora-clang 2.0.20 163.20 NOTE
r-devel-linux-x86_64-fedora-gcc 2.0.20 163.88 NOTE
r-devel-windows-x86_64 2.0.20 43.00 147.00 190.00 NOTE
r-patched-linux-x86_64 2.0.20 18.39 108.95 127.34 OK
r-release-linux-x86_64 2.0.20 9.00 107.73 116.73 OK
r-release-macos-arm64 2.0.20 45.00 NOTE
r-release-macos-x86_64 2.0.20 77.00 NOTE
r-release-windows-x86_64 2.0.20 58.00 148.00 206.00 OK
r-oldrel-macos-arm64 2.0.20 36.00 NOTE
r-oldrel-macos-x86_64 2.0.20 63.00 NOTE
r-oldrel-windows-ix86+x86_64 2.0.20 28.00 138.00 166.00 OK

Check Details

Version: 2.0.20
Check: Rd files
Result: NOTE
    checkRd: (-1) netCoin-package.Rd:38: Escaped LaTeX specials: \&
Flavors: r-devel-linux-x86_64-debian-clang, r-devel-linux-x86_64-debian-gcc, r-devel-linux-x86_64-fedora-clang, r-devel-linux-x86_64-fedora-gcc, r-devel-windows-x86_64

Version: 2.0.20
Check: data for non-ASCII characters
Result: NOTE
     Note: found 21 marked UTF-8 strings
Flavors: r-devel-linux-x86_64-fedora-clang, r-devel-linux-x86_64-fedora-gcc, r-release-macos-arm64, r-release-macos-x86_64, r-oldrel-macos-arm64, r-oldrel-macos-x86_64