Last updated on 2022-07-01 03:53:55 CEST.
Flavor | Version | Tinstall | Tcheck | Ttotal | Status | Flags |
---|---|---|---|---|---|---|
r-devel-linux-x86_64-debian-clang | 1.19 | 7.12 | 40.43 | 47.55 | OK | |
r-devel-linux-x86_64-debian-gcc | 1.19 | 6.70 | 30.54 | 37.24 | OK | |
r-devel-linux-x86_64-fedora-clang | 1.19 | 69.94 | OK | |||
r-devel-linux-x86_64-fedora-gcc | 1.19 | 67.52 | OK | |||
r-devel-windows-x86_64 | 1.19 | 29.00 | 119.00 | 148.00 | NOTE | |
r-patched-linux-x86_64 | 1.19 | 9.03 | 38.49 | 47.52 | OK | |
r-release-linux-x86_64 | 1.19 | 7.91 | 38.40 | 46.31 | OK | |
r-release-macos-arm64 | 1.19 | 26.00 | NOTE | |||
r-release-macos-x86_64 | 1.19 | 32.00 | NOTE | |||
r-release-windows-x86_64 | 1.19 | 21.00 | 115.00 | 136.00 | NOTE | |
r-oldrel-macos-arm64 | 1.19 | 18.00 | NOTE | |||
r-oldrel-macos-x86_64 | 1.19 | 33.00 | NOTE | |||
r-oldrel-windows-ix86+x86_64 | 1.19 | 20.00 | 98.00 | 118.00 | NOTE |
Version: 1.19
Check: installed package size
Result: NOTE
installed size is 12.1Mb
sub-directories of 1Mb or more:
libs 11.8Mb
Flavors: r-devel-windows-x86_64, r-release-macos-arm64, r-release-macos-x86_64, r-release-windows-x86_64, r-oldrel-macos-arm64, r-oldrel-macos-x86_64, r-oldrel-windows-ix86+x86_64