CRAN Package Check Results for Package natural

Last updated on 2020-09-22 03:49:31 CEST.

Flavor Version Tinstall Tcheck Ttotal Status Flags
r-devel-linux-x86_64-debian-clang 0.9.0 11.89 140.30 152.19 OK
r-devel-linux-x86_64-debian-gcc 0.9.0 0.26 2.17 2.43 ERROR
r-devel-linux-x86_64-fedora-clang 0.9.0 192.53 OK
r-devel-linux-x86_64-fedora-gcc 0.9.0 210.79 OK
r-devel-windows-ix86+x86_64 0.9.0 28.00 184.00 212.00 OK
r-patched-linux-x86_64 0.9.0 9.97 152.93 162.90 OK
r-patched-solaris-x86 0.9.0 280.90 OK
r-release-linux-x86_64 0.9.0 10.99 155.65 166.64 OK
r-release-macos-x86_64 0.9.0 OK
r-release-windows-ix86+x86_64 0.9.0 27.00 211.00 238.00 OK
r-oldrel-macos-x86_64 0.9.0 OK
r-oldrel-windows-ix86+x86_64 0.9.0 18.00 206.00 224.00 OK

Check Details

Version: 0.9.0
Check: whether package can be installed
Result: ERROR
    Installation failed.
Flavor: r-devel-linux-x86_64-debian-gcc