CRAN Package Check Results for Package naspaclust

Last updated on 2024-07-22 15:57:28 CEST.

Flavor Version Tinstall Tcheck Ttotal Status Flags
r-devel-linux-x86_64-debian-clang 0.2.1 6.75 64.34 71.09 NOTE
r-devel-linux-x86_64-debian-gcc 0.2.1 4.13 45.21 49.34 NOTE
r-devel-linux-x86_64-fedora-clang 0.2.1 90.33 NOTE
r-devel-linux-x86_64-fedora-gcc 0.2.1 82.38 NOTE
r-devel-windows-x86_64 0.2.1 6.00 65.00 71.00 NOTE
r-patched-linux-x86_64 0.2.1 11.49 61.66 73.15 NOTE
r-release-linux-x86_64 0.2.1 5.99 60.08 66.07 NOTE
r-release-macos-arm64 0.2.1 27.00 NOTE
r-release-macos-x86_64 0.2.1 43.00 NOTE
r-release-windows-x86_64 0.2.1 6.00 65.00 71.00 NOTE
r-oldrel-macos-arm64 0.2.1 31.00 NOTE
r-oldrel-macos-x86_64 0.2.1 44.00 NOTE
r-oldrel-windows-x86_64 0.2.1 7.00 74.00 81.00 NOTE

Check Details

Version: 0.2.1
Check: package dependencies
Result: NOTE Package suggested but not available for checking: ‘spatialClust’ Flavors: r-devel-linux-x86_64-debian-clang, r-devel-linux-x86_64-debian-gcc, r-devel-linux-x86_64-fedora-clang, r-devel-linux-x86_64-fedora-gcc, r-devel-windows-x86_64, r-patched-linux-x86_64, r-release-linux-x86_64, r-release-macos-arm64, r-release-macos-x86_64, r-release-windows-x86_64, r-oldrel-macos-arm64, r-oldrel-macos-x86_64, r-oldrel-windows-x86_64

Version: 0.2.1
Check: Rd cross-references
Result: NOTE Found the following Rd file(s) with Rd \link{} targets missing package anchors: abcfgwc.Rd: cdist fgwc.Rd: cdist fgwcuv.Rd: cdist fpafgwc.Rd: cdist gsafgwc.Rd: cdist hhofgwc.Rd: cdist ifafgwc.Rd: cdist psofgwc.Rd: cdist tlbofgwc.Rd: cdist Please provide package anchors for all Rd \link{} targets not in the package itself and the base packages. Flavors: r-devel-linux-x86_64-debian-gcc, r-devel-windows-x86_64

Version: 0.2.1
Check: dependencies in R code
Result: NOTE Namespace in Imports field not imported from: ‘Rdpack’ All declared Imports should be used. Flavors: r-devel-linux-x86_64-fedora-clang, r-devel-linux-x86_64-fedora-gcc