CRAN Package Check Results for Package nasadata

Last updated on 2022-07-04 15:54:47 CEST.

Flavor Version Tinstall Tcheck Ttotal Status Flags
r-devel-linux-x86_64-debian-clang 0.9.0 5.50 52.94 58.44 NOTE
r-devel-linux-x86_64-debian-gcc 0.9.0 4.21 39.27 43.48 NOTE
r-devel-linux-x86_64-fedora-clang 0.9.0 80.95 NOTE
r-devel-linux-x86_64-fedora-gcc 0.9.0 78.08 NOTE
r-devel-windows-x86_64 0.9.0 13.00 77.00 90.00 NOTE
r-patched-linux-x86_64 0.9.0 5.53 49.23 54.76 NOTE
r-release-linux-x86_64 0.9.0 4.68 49.75 54.43 NOTE
r-release-macos-arm64 0.9.0 23.00 NOTE
r-release-macos-x86_64 0.9.0 45.00 NOTE
r-release-windows-x86_64 0.9.0 18.00 82.00 100.00 NOTE
r-oldrel-macos-arm64 0.9.0 28.00 NOTE
r-oldrel-macos-x86_64 0.9.0 46.00 NOTE
r-oldrel-windows-ix86+x86_64 0.9.0 16.00 68.00 84.00 NOTE

Check Details

Version: 0.9.0
Check: LazyData
Result: NOTE
     'LazyData' is specified without a 'data' directory
Flavors: r-devel-linux-x86_64-debian-clang, r-devel-linux-x86_64-debian-gcc, r-devel-linux-x86_64-fedora-clang, r-devel-linux-x86_64-fedora-gcc, r-devel-windows-x86_64, r-patched-linux-x86_64, r-release-linux-x86_64, r-release-macos-arm64, r-release-macos-x86_64, r-release-windows-x86_64, r-oldrel-macos-arm64, r-oldrel-macos-x86_64, r-oldrel-windows-ix86+x86_64