CRAN Package Check Results for Package nardl

Last updated on 2024-07-17 04:50:01 CEST.

Flavor Version Tinstall Tcheck Ttotal Status Flags
r-devel-linux-x86_64-debian-clang 0.1.6 5.22 46.19 51.41 NOTE
r-devel-linux-x86_64-debian-gcc 0.1.6 5.75 33.98 39.73 NOTE
r-devel-linux-x86_64-fedora-clang 0.1.6 66.14 NOTE
r-devel-linux-x86_64-fedora-gcc 0.1.6 61.45 NOTE
r-devel-windows-x86_64 0.1.6 8.00 53.00 61.00 NOTE
r-patched-linux-x86_64 0.1.6 5.28 44.08 49.36 NOTE
r-release-linux-x86_64 0.1.6 6.89 42.81 49.70 NOTE
r-release-macos-arm64 0.1.6 23.00 NOTE
r-release-macos-x86_64 0.1.6 31.00 NOTE
r-release-windows-x86_64 0.1.6 6.00 53.00 59.00 NOTE
r-oldrel-macos-arm64 0.1.6 26.00 OK
r-oldrel-macos-x86_64 0.1.6 32.00 OK
r-oldrel-windows-x86_64 0.1.6 8.00 60.00 68.00 OK

Check Details

Version: 0.1.6
Check: Rd files
Result: NOTE checkRd: (-1) fod.Rd:12: Lost braces in \itemize; meant \describe ? checkRd: (-1) fod.Rd:13: Lost braces in \itemize; meant \describe ? checkRd: (-1) fod.Rd:14: Lost braces in \itemize; meant \describe ? Flavors: r-devel-linux-x86_64-debian-clang, r-devel-linux-x86_64-debian-gcc, r-devel-linux-x86_64-fedora-clang, r-devel-linux-x86_64-fedora-gcc, r-devel-windows-x86_64, r-patched-linux-x86_64, r-release-linux-x86_64, r-release-macos-arm64, r-release-macos-x86_64, r-release-windows-x86_64