CRAN Package Check Results for Package nametagger

Last updated on 2020-08-13 15:51:13 CEST.

Flavor Version Tinstall Tcheck Ttotal Status Flags
r-devel-linux-x86_64-debian-clang 0.1.0 1114.73 77.93 1192.66 OK
r-devel-linux-x86_64-debian-gcc 0.1.0 766.11 60.09 826.20 OK
r-devel-linux-x86_64-fedora-clang 0.1.0 1750.32 NOTE
r-devel-linux-x86_64-fedora-gcc 0.1.0 1488.38 NOTE
r-devel-windows-ix86+x86_64 0.1.0 2504.00 180.00 2684.00 NOTE
r-patched-linux-x86_64 0.1.0 790.42 75.36 865.78 OK
r-patched-solaris-x86 0.1.0 1080.70 NOTE
r-release-linux-x86_64 0.1.0 780.42 74.74 855.16 OK
r-release-macos-x86_64 0.1.0 NOTE
r-release-windows-ix86+x86_64 0.1.0 2472.00 136.00 2608.00 NOTE
r-oldrel-macos-x86_64 0.1.0 NOTE
r-oldrel-windows-ix86+x86_64 0.1.0 1776.00 159.00 1935.00 NOTE

Check Details

Version: 0.1.0
Check: installed package size
Result: NOTE
     installed size is 30.6Mb
     sub-directories of 1Mb or more:
     data 1.9Mb
     libs 27.4Mb
     models 1.1Mb
Flavors: r-devel-linux-x86_64-fedora-clang, r-devel-windows-ix86+x86_64, r-patched-solaris-x86, r-release-macos-x86_64, r-release-windows-ix86+x86_64, r-oldrel-macos-x86_64, r-oldrel-windows-ix86+x86_64

Version: 0.1.0
Check: data for non-ASCII characters
Result: NOTE
     Note: found 47936 marked UTF-8 strings
Flavors: r-devel-linux-x86_64-fedora-clang, r-devel-linux-x86_64-fedora-gcc, r-patched-solaris-x86, r-release-macos-x86_64, r-oldrel-macos-x86_64