CRAN Package Check Results for Package nLTT

Last updated on 2024-07-23 03:57:31 CEST.

Flavor Version Tinstall Tcheck Ttotal Status Flags
r-devel-linux-x86_64-debian-clang 1.4.9 3.45 107.97 111.42 NOTE
r-devel-linux-x86_64-debian-gcc 1.4.9 2.74 76.38 79.12 NOTE
r-devel-linux-x86_64-fedora-clang 1.4.9 143.69 NOTE
r-devel-linux-x86_64-fedora-gcc 1.4.9 144.60 NOTE
r-devel-windows-x86_64 1.4.9 4.00 94.00 98.00 NOTE
r-patched-linux-x86_64 1.4.9 4.42 103.81 108.23 NOTE
r-release-linux-x86_64 1.4.9 3.38 100.63 104.01 NOTE
r-release-macos-arm64 1.4.9 46.00 NOTE
r-release-macos-x86_64 1.4.9 76.00 NOTE
r-release-windows-x86_64 1.4.9 4.00 93.00 97.00 NOTE
r-oldrel-macos-arm64 1.4.9 51.00 OK
r-oldrel-macos-x86_64 1.4.9 92.00 OK
r-oldrel-windows-x86_64 1.4.9 5.00 113.00 118.00 OK

Check Details

Version: 1.4.9
Check: Rd files
Result: NOTE checkRd: (-1) check_input_event_times.Rd:16-17: Lost braces in \itemize; meant \describe ? checkRd: (-1) check_input_event_times.Rd:18-19: Lost braces in \itemize; meant \describe ? checkRd: (-1) check_time_unit.Rd:12-13: Lost braces in \itemize; meant \describe ? checkRd: (-1) check_time_unit.Rd:14-15: Lost braces in \itemize; meant \describe ? checkRd: (-1) default_params_doc.Rd:30-31: Lost braces in \itemize; meant \describe ? checkRd: (-1) default_params_doc.Rd:32-33: Lost braces in \itemize; meant \describe ? checkRd: (-1) nltt_diff_exact_brts.Rd:30: Lost braces in \itemize; meant \describe ? checkRd: (-1) nltt_diff_exact_brts.Rd:31: Lost braces in \itemize; meant \describe ? checkRd: (-1) nltt_diff_exact_brts.Rd:36-37: Lost braces in \itemize; meant \describe ? checkRd: (-1) nltt_diff_exact_brts.Rd:38-39: Lost braces in \itemize; meant \describe ? checkRd: (-1) nltt_diff_exact_extinct.Rd:31: Lost braces in \itemize; meant \describe ? checkRd: (-1) nltt_diff_exact_extinct.Rd:32: Lost braces in \itemize; meant \describe ? checkRd: (-1) nltt_diff_exact_extinct.Rd:37-38: Lost braces in \itemize; meant \describe ? checkRd: (-1) nltt_diff_exact_extinct.Rd:39-40: Lost braces in \itemize; meant \describe ? Flavors: r-devel-linux-x86_64-debian-clang, r-devel-linux-x86_64-debian-gcc, r-devel-linux-x86_64-fedora-clang, r-devel-linux-x86_64-fedora-gcc, r-devel-windows-x86_64, r-patched-linux-x86_64, r-release-linux-x86_64, r-release-macos-arm64, r-release-macos-x86_64, r-release-windows-x86_64