CRAN Package Check Results for Package nCopula

Last updated on 2020-09-22 03:49:31 CEST.

Flavor Version Tinstall Tcheck Ttotal Status Flags
r-devel-linux-x86_64-debian-clang 0.1.1 10.67 74.45 85.12 OK
r-devel-linux-x86_64-debian-gcc 0.1.1 0.24 1.99 2.23 ERROR
r-devel-linux-x86_64-fedora-clang 0.1.1 113.29 NOTE
r-devel-linux-x86_64-fedora-gcc 0.1.1 111.13 NOTE
r-devel-windows-ix86+x86_64 0.1.1 28.00 86.00 114.00 OK
r-patched-linux-x86_64 0.1.1 10.62 72.16 82.78 OK
r-patched-solaris-x86 0.1.1 161.60 NOTE
r-release-linux-x86_64 0.1.1 12.31 73.45 85.76 OK
r-release-macos-x86_64 0.1.1 NOTE
r-release-windows-ix86+x86_64 0.1.1 25.00 123.00 148.00 OK
r-oldrel-macos-x86_64 0.1.1 NOTE
r-oldrel-windows-ix86+x86_64 0.1.1 12.00 95.00 107.00 OK

Check Details

Version: 0.1.1
Check: whether package can be installed
Result: ERROR
    Installation failed.
Flavor: r-devel-linux-x86_64-debian-gcc

Version: 0.1.1
Check: dependencies in R code
Result: NOTE
    Namespaces in Imports field not imported from:
     ‘Deriv’ ‘compiler’ ‘stringi’
     All declared Imports should be used.
Flavors: r-devel-linux-x86_64-fedora-clang, r-devel-linux-x86_64-fedora-gcc, r-patched-solaris-x86, r-release-macos-x86_64, r-oldrel-macos-x86_64