CRAN Package Check Results for Package mztwinreg

Last updated on 2020-09-19 03:49:49 CEST.

Flavor Version Tinstall Tcheck Ttotal Status Flags
r-devel-linux-x86_64-debian-clang 1.0-1 15.37 118.11 133.48 NOTE
r-devel-linux-x86_64-debian-gcc 1.0-1 13.34 88.79 102.13 NOTE
r-devel-linux-x86_64-fedora-clang 1.0-1 172.71 NOTE
r-devel-linux-x86_64-fedora-gcc 1.0-1 161.51 NOTE
r-devel-windows-ix86+x86_64 1.0-1 36.00 146.00 182.00 NOTE
r-patched-linux-x86_64 1.0-1 11.17 111.54 122.71 NOTE
r-patched-solaris-x86 1.0-1 229.10 NOTE
r-release-linux-x86_64 1.0-1 12.08 111.97 124.05 NOTE
r-release-macos-x86_64 1.0-1 NOTE
r-release-windows-ix86+x86_64 1.0-1 36.00 109.00 145.00 NOTE
r-oldrel-macos-x86_64 1.0-1 NOTE
r-oldrel-windows-ix86+x86_64 1.0-1 20.00 134.00 154.00 NOTE

Check Details

Version: 1.0-1
Check: R code for possible problems
Result: NOTE
    abs_dif: no visible global function definition for 'as.formula'
    env_dif: no visible global function definition for 'lm'
    env_dif: no visible global function definition for 'as.formula'
    env_dif_logistic: no visible global function definition for
     'as.formula'
    fam_env: no visible global function definition for 'as.formula'
    log_dif: no visible global function definition for 'as.formula'
    Undefined global functions or variables:
     as.formula lm
    Consider adding
     importFrom("stats", "as.formula", "lm")
    to your NAMESPACE file.
Flavors: r-devel-linux-x86_64-debian-clang, r-devel-linux-x86_64-debian-gcc, r-devel-linux-x86_64-fedora-clang, r-devel-linux-x86_64-fedora-gcc, r-devel-windows-ix86+x86_64, r-patched-linux-x86_64, r-patched-solaris-x86, r-release-linux-x86_64, r-release-macos-x86_64, r-release-windows-ix86+x86_64, r-oldrel-macos-x86_64, r-oldrel-windows-ix86+x86_64