CRAN Package Check Results for Package mztwinreg

Last updated on 2021-09-19 03:51:17 CEST.

Flavor Version Tinstall Tcheck Ttotal Status Flags
r-devel-linux-x86_64-debian-clang 1.0-1 13.64 130.95 144.59 NOTE
r-devel-linux-x86_64-debian-gcc 1.0-1 11.75 97.89 109.64 NOTE
r-devel-linux-x86_64-fedora-clang 1.0-1 177.17 NOTE
r-devel-linux-x86_64-fedora-gcc 1.0-1 168.24 NOTE
r-devel-windows-x86_64 1.0-1 19.00 159.00 178.00 NOTE
r-devel-windows-x86_64-gcc10-UCRT 1.0-1 ERROR
r-patched-linux-x86_64 1.0-1 20.61 121.76 142.37 NOTE
r-patched-solaris-x86 1.0-1 243.30 NOTE
r-release-linux-x86_64 1.0-1 12.17 122.27 134.44 NOTE
r-release-macos-arm64 1.0-1 NOTE
r-release-macos-x86_64 1.0-1 NOTE
r-release-windows-ix86+x86_64 1.0-1 38.00 119.00 157.00 NOTE
r-oldrel-macos-x86_64 1.0-1 NOTE
r-oldrel-windows-ix86+x86_64 1.0-1 39.00 113.00 152.00 NOTE

Check Details

Version: 1.0-1
Check: R code for possible problems
Result: NOTE
    abs_dif: no visible global function definition for 'as.formula'
    env_dif: no visible global function definition for 'lm'
    env_dif: no visible global function definition for 'as.formula'
    env_dif_logistic: no visible global function definition for
     'as.formula'
    fam_env: no visible global function definition for 'as.formula'
    log_dif: no visible global function definition for 'as.formula'
    Undefined global functions or variables:
     as.formula lm
    Consider adding
     importFrom("stats", "as.formula", "lm")
    to your NAMESPACE file.
Flavors: r-devel-linux-x86_64-debian-clang, r-devel-linux-x86_64-debian-gcc, r-devel-linux-x86_64-fedora-clang, r-devel-linux-x86_64-fedora-gcc, r-devel-windows-x86_64, r-devel-windows-x86_64-gcc10-UCRT, r-patched-linux-x86_64, r-patched-solaris-x86, r-release-linux-x86_64, r-release-macos-arm64, r-release-macos-x86_64, r-release-windows-ix86+x86_64, r-oldrel-macos-x86_64, r-oldrel-windows-ix86+x86_64

Version: 1.0-1
Check: whether package can be installed
Result: WARN
    Found the following significant warnings:
     WARNING: installation-time patches will not be applied, could not get the patches index
Flavor: r-devel-windows-x86_64-gcc10-UCRT

Version: 1.0-1
Check: PDF version of manual
Result: WARN
    LaTeX errors when creating PDF version.
    This typically indicates Rd problems.
Flavor: r-devel-windows-x86_64-gcc10-UCRT

Version: 1.0-1
Check: PDF version of manual without hyperrefs or index
Result: ERROR
    Re-running with no redirection of stdout/stderr.
Flavor: r-devel-windows-x86_64-gcc10-UCRT