Last updated on 2022-08-17 15:49:59 CEST.
Flavor | Version | Tinstall | Tcheck | Ttotal | Status | Flags |
---|---|---|---|---|---|---|
r-devel-linux-x86_64-debian-clang | 4.2.1 | 96.84 | 183.41 | 280.25 | OK | |
r-devel-linux-x86_64-debian-gcc | 4.2.1 | OK | ||||
r-devel-linux-x86_64-fedora-clang | 4.2.1 | 406.03 | OK | |||
r-devel-linux-x86_64-fedora-gcc | 4.2.1 | 390.09 | OK | |||
r-devel-windows-x86_64 | 4.2.1 | 119.00 | 229.00 | 348.00 | OK | |
r-patched-linux-x86_64 | 4.2.1 | 82.39 | 178.57 | 260.96 | OK | |
r-release-linux-x86_64 | 4.2.1 | 82.57 | 178.51 | 261.08 | OK | |
r-release-macos-arm64 | 4.2.1 | 87.00 | NOTE | |||
r-release-macos-x86_64 | 4.2.1 | 113.00 | NOTE | |||
r-release-windows-x86_64 | 4.2.1 | 116.00 | 235.00 | 351.00 | OK | |
r-oldrel-macos-arm64 | 4.2.1 | 71.00 | NOTE | |||
r-oldrel-macos-x86_64 | 4.2.1 | 119.00 | NOTE | |||
r-oldrel-windows-ix86+x86_64 | 4.2.1 | 228.00 | 337.00 | 565.00 | OK |
Version: 4.2.1
Check: installed package size
Result: NOTE
installed size is 6.6Mb
sub-directories of 1Mb or more:
libs 5.4Mb
Flavors: r-release-macos-arm64, r-release-macos-x86_64, r-oldrel-macos-arm64, r-oldrel-macos-x86_64