CRAN Package Check Results for Package mvSLOUCH

Last updated on 2020-09-20 03:47:31 CEST.

Flavor Version Tinstall Tcheck Ttotal Status Flags
r-devel-linux-x86_64-debian-clang 2.5 29.38 187.73 217.11 OK
r-devel-linux-x86_64-debian-gcc 2.5 26.15 140.76 166.91 OK
r-devel-linux-x86_64-fedora-clang 2.5 274.96 NOTE
r-devel-linux-x86_64-fedora-gcc 2.5 325.40 OK
r-devel-windows-ix86+x86_64 2.5 58.00 181.00 239.00 OK
r-patched-linux-x86_64 2.5 28.30 185.72 214.02 OK
r-patched-solaris-x86 2.5 336.00 OK
r-release-linux-x86_64 2.5 29.70 183.96 213.66 OK
r-release-macos-x86_64 2.5 OK
r-release-windows-ix86+x86_64 2.5 57.00 172.00 229.00 OK
r-oldrel-macos-x86_64 2.5 OK
r-oldrel-windows-ix86+x86_64 2.5 34.00 203.00 237.00 OK

Check Details

Version: 2.5
Check: Rd cross-references
Result: NOTE
    Undeclared package ‘mvMORPH’ in Rd xrefs
Flavor: r-devel-linux-x86_64-fedora-clang