CRAN Package Check Results for Package musica

Last updated on 2025-01-25 03:49:58 CET.

Flavor Version Tinstall Tcheck Ttotal Status Flags
r-devel-linux-x86_64-debian-clang 0.1.3 9.55 94.51 104.06 NOTE
r-devel-linux-x86_64-debian-gcc 0.1.3 6.13 66.14 72.27 NOTE
r-devel-linux-x86_64-fedora-clang 0.1.3 161.88 OK
r-devel-linux-x86_64-fedora-gcc 0.1.3 160.77 OK
r-devel-windows-x86_64 0.1.3 9.00 96.00 105.00 NOTE
r-patched-linux-x86_64 0.1.3 12.12 83.14 95.26 OK
r-release-linux-x86_64 0.1.3 8.49 84.65 93.14 OK
r-release-macos-arm64 0.1.3 46.00 OK
r-release-macos-x86_64 0.1.3 95.00 OK
r-release-windows-x86_64 0.1.3 9.00 94.00 103.00 OK
r-oldrel-macos-arm64 0.1.3 52.00 OK
r-oldrel-macos-x86_64 0.1.3 83.00 OK
r-oldrel-windows-x86_64 0.1.3 11.00 117.00 128.00 OK

Check Details

Version: 0.1.3
Check: Rd cross-references
Result: NOTE Found the following Rd file(s) with Rd \link{} targets missing package anchors: msTrans_abs.Rd: doQmapQUANT, qmap tscale.Rd: lubridate Please provide package anchors for all Rd \link{} targets not in the package itself and the base packages. Flavors: r-devel-linux-x86_64-debian-clang, r-devel-linux-x86_64-debian-gcc, r-devel-windows-x86_64