CRAN Package Check Results for Package multiverse

Last updated on 2021-09-17 15:52:28 CEST.

Flavor Version Tinstall Tcheck Ttotal Status Flags
r-devel-linux-x86_64-debian-clang 0.5.0 7.46 233.92 241.38 OK
r-devel-linux-x86_64-debian-gcc 0.5.0 5.75 166.50 172.25 OK
r-devel-linux-x86_64-fedora-clang 0.5.0 285.22 OK
r-devel-linux-x86_64-fedora-gcc 0.5.0 283.36 WARN
r-devel-windows-x86_64 0.5.0 8.00 299.00 307.00 OK
r-devel-windows-x86_64-gcc10-UCRT 0.5.0 OK
r-patched-linux-x86_64 0.5.0 7.02 226.90 233.92 OK
r-patched-solaris-x86 0.5.0 142.70 NOTE
r-release-linux-x86_64 0.5.0 6.04 227.26 233.30 OK
r-release-macos-arm64 0.5.0 OK
r-release-macos-x86_64 0.5.0 OK
r-release-windows-ix86+x86_64 0.5.0 15.00 220.00 235.00 OK
r-oldrel-macos-x86_64 0.5.0 OK
r-oldrel-windows-ix86+x86_64 0.5.0 22.00 228.00 250.00 OK

Check Details

Version: 0.5.0
Check: replacement functions
Result: WARN
    Error in endsWith(names(S4_generics), "<-") : non-character object(s)
    Calls: <Anonymous> -> endsWith
    Execution halted
    The argument of a replacement function which corresponds to the right
    hand side must be named ‘value’.
Flavor: r-devel-linux-x86_64-fedora-gcc

Version: 0.5.0
Check: package dependencies
Result: NOTE
    Package suggested but not available for checking: ‘gifski’
Flavor: r-patched-solaris-x86