CRAN Package Check Results for Package multitool

Last updated on 2024-06-20 03:51:40 CEST.

Flavor Version Tinstall Tcheck Ttotal Status Flags
r-devel-linux-x86_64-debian-clang 0.1.4 9.72 175.00 184.72 OK
r-devel-linux-x86_64-debian-gcc 0.1.4 7.19 127.86 135.05 OK
r-devel-linux-x86_64-fedora-clang 0.1.4 265.45 NOTE
r-devel-linux-x86_64-fedora-gcc 0.1.4 233.01 OK
r-devel-windows-x86_64 0.1.4 9.00 144.00 153.00 NOTE
r-patched-linux-x86_64 0.1.4 13.67 171.42 185.09 OK
r-release-linux-x86_64 0.1.4 7.67 166.72 174.39 OK
r-release-macos-arm64 0.1.4 72.00 NOTE
r-release-macos-x86_64 0.1.4 103.00 NOTE
r-release-windows-x86_64 0.1.4 10.00 149.00 159.00 NOTE
r-oldrel-macos-arm64 0.1.4 85.00 NOTE
r-oldrel-macos-x86_64 0.1.4 199.00 NOTE
r-oldrel-windows-x86_64 0.1.4 12.00 187.00 199.00 NOTE

Check Details

Version: 0.1.4
Check: installed package size
Result: NOTE installed size is 5.1Mb sub-directories of 1Mb or more: doc 4.3Mb Flavors: r-devel-linux-x86_64-fedora-clang, r-devel-windows-x86_64, r-release-macos-arm64, r-release-macos-x86_64, r-release-windows-x86_64, r-oldrel-macos-arm64, r-oldrel-macos-x86_64, r-oldrel-windows-x86_64