CRAN Package Check Results for Package multilevelTools

Last updated on 2022-06-28 15:53:22 CEST.

Flavor Version Tinstall Tcheck Ttotal Status Flags
r-devel-linux-x86_64-debian-clang 0.1.1 22.82 262.71 285.53 NOTE
r-devel-linux-x86_64-debian-gcc 0.1.1 17.52 189.94 207.46 NOTE
r-devel-linux-x86_64-fedora-clang 0.1.1 335.28 NOTE
r-devel-linux-x86_64-fedora-gcc 0.1.1 336.70 NOTE
r-devel-windows-x86_64 0.1.1 42.00 301.00 343.00 NOTE
r-patched-linux-x86_64 0.1.1 27.56 240.76 268.32 NOTE
r-release-linux-x86_64 0.1.1 22.11 239.07 261.18 NOTE
r-release-macos-arm64 0.1.1 106.00 NOTE
r-release-macos-x86_64 0.1.1 155.00 NOTE
r-release-windows-x86_64 0.1.1 34.00 278.00 312.00 NOTE
r-oldrel-macos-arm64 0.1.1 129.00 NOTE
r-oldrel-macos-x86_64 0.1.1 162.00 NOTE
r-oldrel-windows-ix86+x86_64 0.1.1 44.00 274.00 318.00 NOTE

Check Details

Version: 0.1.1
Check: LazyData
Result: NOTE
     'LazyData' is specified without a 'data' directory
Flavors: r-devel-linux-x86_64-debian-clang, r-devel-linux-x86_64-debian-gcc, r-devel-linux-x86_64-fedora-clang, r-devel-linux-x86_64-fedora-gcc, r-devel-windows-x86_64, r-patched-linux-x86_64, r-release-linux-x86_64, r-release-macos-arm64, r-release-macos-x86_64, r-release-windows-x86_64, r-oldrel-macos-arm64, r-oldrel-macos-x86_64, r-oldrel-windows-ix86+x86_64