CRAN Package Check Results for Package multigroup

Last updated on 2021-09-19 03:51:16 CEST.

Flavor Version Tinstall Tcheck Ttotal Status Flags
r-devel-linux-x86_64-debian-clang 0.4.5 4.92 42.15 47.07 OK
r-devel-linux-x86_64-debian-gcc 0.4.5 4.20 32.42 36.62 OK
r-devel-linux-x86_64-fedora-clang 0.4.5 65.31 OK
r-devel-linux-x86_64-fedora-gcc 0.4.5 55.30 OK
r-devel-windows-x86_64 0.4.5 7.00 58.00 65.00 OK
r-devel-windows-x86_64-gcc10-UCRT 0.4.5 ERROR
r-patched-linux-x86_64 0.4.5 5.26 41.06 46.32 OK
r-patched-solaris-x86 0.4.5 72.20 OK
r-release-linux-x86_64 0.4.5 4.29 41.04 45.33 OK
r-release-macos-arm64 0.4.5 OK
r-release-macos-x86_64 0.4.5 OK
r-release-windows-ix86+x86_64 0.4.5 9.00 42.00 51.00 OK
r-oldrel-macos-x86_64 0.4.5 OK
r-oldrel-windows-ix86+x86_64 0.4.5 9.00 44.00 53.00 OK

Check Details

Version: 0.4.5
Check: whether package can be installed
Result: WARN
    Found the following significant warnings:
     WARNING: installation-time patches will not be applied, could not get the patches index
Flavor: r-devel-windows-x86_64-gcc10-UCRT

Version: 0.4.5
Check: PDF version of manual
Result: WARN
    LaTeX errors when creating PDF version.
    This typically indicates Rd problems.
Flavor: r-devel-windows-x86_64-gcc10-UCRT

Version: 0.4.5
Check: PDF version of manual without hyperrefs or index
Result: ERROR
    Re-running with no redirection of stdout/stderr.
Flavor: r-devel-windows-x86_64-gcc10-UCRT