CRAN Package Check Results for Package multicross

Last updated on 2020-09-18 15:52:52 CEST.

Flavor Version Tinstall Tcheck Ttotal Status Flags
r-devel-linux-x86_64-debian-clang 2.1.0 12.25 91.87 104.12 OK
r-devel-linux-x86_64-debian-gcc 2.1.0 9.79 68.94 78.73 OK
r-devel-linux-x86_64-fedora-clang 2.1.0 139.70 NOTE
r-devel-linux-x86_64-fedora-gcc 2.1.0 126.23 NOTE
r-devel-windows-ix86+x86_64 2.1.0 27.00 120.00 147.00 OK
r-patched-linux-x86_64 2.1.0 9.38 86.43 95.81 OK
r-patched-solaris-x86 2.1.0 182.60 NOTE
r-release-linux-x86_64 2.1.0 11.07 87.08 98.15 OK
r-release-macos-x86_64 2.1.0 NOTE
r-release-windows-ix86+x86_64 2.1.0 28.00 86.00 114.00 OK
r-oldrel-macos-x86_64 2.1.0 NOTE
r-oldrel-windows-ix86+x86_64 2.1.0 25.00 109.00 134.00 OK

Check Details

Version: 2.1.0
Check: dependencies in R code
Result: NOTE
    Namespace in Imports field not imported from: ‘Matrix’
     All declared Imports should be used.
Flavors: r-devel-linux-x86_64-fedora-clang, r-devel-linux-x86_64-fedora-gcc, r-patched-solaris-x86, r-release-macos-x86_64, r-oldrel-macos-x86_64