CRAN Package Check Results for Package multiDimBio

Last updated on 2024-06-22 03:49:36 CEST.

Flavor Version Tinstall Tcheck Ttotal Status Flags
r-devel-linux-x86_64-debian-clang 1.2.2 16.67 108.06 124.73 NOTE
r-devel-linux-x86_64-debian-gcc 1.2.2 12.92 108.41 121.33 NOTE
r-devel-linux-x86_64-fedora-clang 1.2.2 214.36 NOTE
r-devel-linux-x86_64-fedora-gcc 1.2.2 194.35 NOTE
r-devel-windows-x86_64 1.2.2 13.00 114.00 127.00 NOTE
r-patched-linux-x86_64 1.2.2 22.42 142.78 165.20 NOTE
r-release-linux-x86_64 1.2.2 14.74 138.05 152.79 NOTE
r-release-macos-arm64 1.2.2 87.00 NOTE
r-release-macos-x86_64 1.2.2 89.00 NOTE
r-release-windows-x86_64 1.2.2 13.00 116.00 129.00 NOTE
r-oldrel-macos-arm64 1.2.2 59.00 OK
r-oldrel-macos-x86_64 1.2.2 96.00 OK
r-oldrel-windows-x86_64 1.2.2 17.00 150.00 167.00 OK

Check Details

Version: 1.2.2
Check: Rd files
Result: NOTE checkRd: (-1) PPCA.Rd:35: Lost braces 35 | Returns an object of class 'pcaRes.' See documentation in the package code{\link[pcaMethods:pcaMethods]{ pcaMethods}} | ^ Flavors: r-devel-linux-x86_64-debian-clang, r-devel-linux-x86_64-debian-gcc, r-devel-linux-x86_64-fedora-clang, r-devel-linux-x86_64-fedora-gcc, r-devel-windows-x86_64, r-patched-linux-x86_64, r-release-linux-x86_64, r-release-macos-arm64, r-release-macos-x86_64, r-release-windows-x86_64