CRAN Package Check Results for Package multiAssetOptions

Last updated on 2020-11-25 15:52:02 CET.

Flavor Version Tinstall Tcheck Ttotal Status Flags
r-devel-linux-x86_64-debian-clang 0.1-1 10.51 70.29 80.80 NOTE
r-devel-linux-x86_64-debian-gcc 0.1-1 6.42 56.93 63.35 NOTE
r-devel-linux-x86_64-fedora-clang 0.1-1 100.60 NOTE
r-devel-linux-x86_64-fedora-gcc 0.1-1 90.56 NOTE
r-devel-windows-ix86+x86_64 0.1-1 16.00 94.00 110.00 NOTE
r-patched-linux-x86_64 0.1-1 6.82 67.79 74.61 NOTE
r-patched-solaris-x86 0.1-1 132.60 NOTE
r-release-linux-x86_64 0.1-1 9.81 67.06 76.87 NOTE
r-release-macos-x86_64 0.1-1 NOTE
r-release-windows-ix86+x86_64 0.1-1 17.00 90.00 107.00 NOTE
r-oldrel-macos-x86_64 0.1-1 NOTE
r-oldrel-windows-ix86+x86_64 0.1-1 14.00 84.00 98.00 NOTE

Check Details

Version: 0.1-1
Check: R code for possible problems
Result: NOTE
    plotOptionValues: no visible global function definition for 'persp'
    Undefined global functions or variables:
     persp
    Consider adding
     importFrom("graphics", "persp")
    to your NAMESPACE file.
Flavors: r-devel-linux-x86_64-debian-clang, r-devel-linux-x86_64-debian-gcc, r-devel-linux-x86_64-fedora-clang, r-devel-linux-x86_64-fedora-gcc, r-devel-windows-ix86+x86_64, r-patched-linux-x86_64, r-patched-solaris-x86, r-release-linux-x86_64, r-release-macos-x86_64, r-release-windows-ix86+x86_64

Version: 0.1-1
Check: R code for possible problems
Result: NOTE
    plotOptionValues: no visible global function definition for ‘plot’
    plotOptionValues: no visible global function definition for ‘persp’
    Undefined global functions or variables:
     persp plot
    Consider adding
     importFrom("graphics", "persp", "plot")
    to your NAMESPACE file.
Flavors: r-oldrel-macos-x86_64, r-oldrel-windows-ix86+x86_64