CRAN Package Check Results for Package multgee

Last updated on 2021-09-19 03:51:16 CEST.

Flavor Version Tinstall Tcheck Ttotal Status Flags
r-devel-linux-x86_64-debian-clang 1.8.0 36.49 122.78 159.27 OK
r-devel-linux-x86_64-debian-gcc 1.8.0 26.96 88.97 115.93 OK
r-devel-linux-x86_64-fedora-clang 1.8.0 204.09 OK
r-devel-linux-x86_64-fedora-gcc 1.8.0 186.62 OK
r-devel-windows-x86_64 1.8.0 36.00 143.00 179.00 OK
r-devel-windows-x86_64-gcc10-UCRT 1.8.0 ERROR
r-patched-linux-x86_64 1.8.0 35.41 114.67 150.08 OK
r-patched-solaris-x86 1.8.0 218.30 OK
r-release-linux-x86_64 1.8.0 33.63 112.89 146.52 OK
r-release-macos-arm64 1.8.0 OK
r-release-macos-x86_64 1.8.0 OK
r-release-windows-ix86+x86_64 1.8.0 89.00 142.00 231.00 OK
r-oldrel-macos-x86_64 1.8.0 OK
r-oldrel-windows-ix86+x86_64 1.8.0 87.00 148.00 235.00 OK

Check Details

Version: 1.8.0
Check: whether package can be installed
Result: ERROR
    Installation failed.
Flavor: r-devel-windows-x86_64-gcc10-UCRT