CRAN Package Check Results for Package multgee

Last updated on 2022-07-02 15:52:24 CEST.

Flavor Version Tinstall Tcheck Ttotal Status Flags
r-devel-linux-x86_64-debian-clang 1.8.0 40.25 133.94 174.19 OK
r-devel-linux-x86_64-debian-gcc 1.8.0 30.46 94.58 125.04 OK
r-devel-linux-x86_64-fedora-clang 1.8.0 216.81 OK
r-devel-linux-x86_64-fedora-gcc 1.8.0 208.47 OK
r-devel-windows-x86_64 1.8.0 49.00 173.00 222.00 OK
r-patched-linux-x86_64 1.8.0 31.35 121.46 152.81 OK
r-release-linux-x86_64 1.8.0 33.82 122.73 156.55 OK
r-release-macos-arm64 1.8.0 61.00 WARN
r-release-macos-x86_64 1.8.0 87.00 WARN
r-release-windows-x86_64 1.8.0 41.00 172.00 213.00 OK
r-oldrel-macos-arm64 1.8.0 68.00 OK
r-oldrel-macos-x86_64 1.8.0 107.00 OK
r-oldrel-windows-ix86+x86_64 1.8.0 94.00 199.00 293.00 OK

Check Details

Version: 1.8.0
Check: re-building of vignette outputs
Result: WARN
    Error(s) in re-building vignettes:
     ...
    --- re-building ‘multgee_vignette.Rmd’ using rmarkdown
    ! LaTeX Error: File `orcidlink.sty' not found.
    
    ! Emergency stop.
    <read *>
    
    Error: processing vignette 'multgee_vignette.Rmd' failed with diagnostics:
    LaTeX failed to compile /Volumes/Builds/packages/big-sur-arm64/results/4.2/multgee.Rcheck/vign_test/multgee/vignettes/multgee_vignette.tex. See https://yihui.org/tinytex/r/#debugging for debugging tips. See multgee_vignette.log for more info.
    --- failed re-building ‘multgee_vignette.Rmd’
    
    SUMMARY: processing the following file failed:
     ‘multgee_vignette.Rmd’
    
    Error: Vignette re-building failed.
    Execution halted
Flavor: r-release-macos-arm64

Version: 1.8.0
Check: re-building of vignette outputs
Result: WARN
    Error(s) in re-building vignettes:
     ...
    --- re-building ‘multgee_vignette.Rmd’ using rmarkdown
    ! LaTeX Error: File `orcidlink.sty' not found.
    
    ! Emergency stop.
    <read *>
    
    Error: processing vignette 'multgee_vignette.Rmd' failed with diagnostics:
    LaTeX failed to compile /Volumes/Builds/packages/high-sierra-x86_64/results/4.2/multgee.Rcheck/vign_test/multgee/vignettes/multgee_vignette.tex. See https://yihui.org/tinytex/r/#debugging for debugging tips. See multgee_vignette.log for more info.
    --- failed re-building ‘multgee_vignette.Rmd’
    
    SUMMARY: processing the following file failed:
     ‘multgee_vignette.Rmd’
    
    Error: Vignette re-building failed.
    Execution halted
Flavor: r-release-macos-x86_64