CRAN Package Check Results for Package multcomp

Last updated on 2023-06-03 15:55:31 CEST.

Flavor Version Tinstall Tcheck Ttotal Status Flags
r-devel-linux-x86_64-debian-clang 1.4-23 13.22 187.36 200.58 OK
r-devel-linux-x86_64-debian-gcc 1.4-23 9.88 139.74 149.62 OK
r-devel-linux-x86_64-fedora-clang 1.4-23 248.28 OK
r-devel-linux-x86_64-fedora-gcc 1.4-23 261.75 OK
r-devel-windows-x86_64 1.4-23 12.00 222.00 234.00 OK
r-patched-linux-x86_64 1.4-23 OK
r-release-linux-x86_64 1.4-23 11.80 182.74 194.54 OK
r-release-macos-arm64 1.4-23 123.00 OK
r-release-macos-x86_64 1.4-23 154.00 NOTE
r-release-windows-x86_64 1.4-23 14.00 255.00 269.00 OK
r-oldrel-macos-arm64 1.4-23 88.00 OK
r-oldrel-macos-x86_64 1.4-23 115.00 OK
r-oldrel-windows-x86_64 1.4-23 14.00 241.00 255.00 OK

Check Details

Version: 1.4-23
Check: re-building of vignette outputs
Result: NOTE
    Error(s) in re-building vignettes:
    --- re-building ‘chfls1.Rnw’ using Sweave
    Loading required package: mvtnorm
    Loading required package: survival
    Loading required package: TH.data
    
    Attaching package: ‘TH.data’
    
    The following object is masked from ‘package:MASS’:
    
     geyser
    
    Warning in RET$pfunction("adjusted", ...) :
     Completion with error > abseps
    Warning in RET$pfunction("adjusted", ...) :
     Completion with error > abseps
    Warning in RET$pfunction("adjusted", ...) :
     Completion with error > abseps
    Warning in RET$pfunction("adjusted", ...) :
     Completion with error > abseps
    Warning in RET$pfunction("adjusted", ...) :
     Completion with error > abseps
    Warning in RET$pfunction("adjusted", ...) :
     Completion with error > abseps
    Error: processing vignette 'chfls1.Rnw' failed with diagnostics:
    Running 'texi2dvi' on 'chfls1.tex' failed.
    LaTeX errors:
    ! LaTeX Error: File `wasysym.sty' not found.
    
    Type X to quit or <RETURN> to proceed,
    or enter new name. (Default extension: sty)
    
    ! Emergency stop.
    <read *>
    
    l.12 \usepackage
     [utf8x]{inputenc}^^M
    ! ==> Fatal error occurred, no output PDF file produced!
    --- failed re-building ‘chfls1.Rnw’
    
    --- re-building ‘generalsiminf.Rnw’ using Sweave
    Loading required package: mvtnorm
    Loading required package: survival
    Loading required package: TH.data
    Loading required package: MASS
    
    Attaching package: ‘TH.data’
    
    The following object is masked from ‘package:MASS’:
    
     geyser
    
    
    Attaching package: ‘robustbase’
    
    The following object is masked from ‘package:survival’:
    
     heart
    
    Loading required package: Matrix
    Warning in RET$pfunction("adjusted", ...) :
     Completion with error > abseps
    Warning in RET$pfunction("adjusted", ...) :
     Completion with error > abseps
    Warning in RET$pfunction("adjusted", ...) :
     Completion with error > abseps
    Warning in RET$pfunction("adjusted", ...) :
     Completion with error > abseps
    Warning in sub(object$syntax$docexpr, val, chunk[pos[1L]]) :
     argument 'replacement' has length > 1 and only the first element will be used
    Error: processing vignette 'generalsiminf.Rnw' failed with diagnostics:
    Running 'texi2dvi' on 'generalsiminf.tex' failed.
    LaTeX errors:
    ! LaTeX Error: File `relsize.sty' not found.
    
    Type X to quit or <RETURN> to proceed,
    or enter new name. (Default extension: sty)
    
    ! Emergency stop.
    <read *>
    
    l.65 ^^M
    
    ! ==> Fatal error occurred, no output PDF file produced!
    --- failed re-building ‘generalsiminf.Rnw’
    
    --- re-building ‘multcomp-examples.Rnw’ using Sweave
    Loading required package: mvtnorm
    Loading required package: survival
    Loading required package: TH.data
    Loading required package: MASS
    
    Attaching package: ‘TH.data’
    
    The following object is masked from ‘package:MASS’:
    
     geyser
    
    Waiting for profiling to be done...
    Warning in chkdots(...) :
     Argument(s) ‘abseps’ passed to ‘...’ are ignored
    --- finished re-building ‘multcomp-examples.Rnw’
    
    SUMMARY: processing the following files failed:
     ‘chfls1.Rnw’ ‘generalsiminf.Rnw’
    
    Error: Vignette re-building failed.
    Execution halted
Flavor: r-release-macos-x86_64