CRAN Package Check Results for Package muir

Last updated on 2024-07-20 15:48:49 CEST.

Flavor Version Tinstall Tcheck Ttotal Status Flags
r-devel-linux-x86_64-debian-clang 0.1.0 5.45 44.67 50.12 NOTE
r-devel-linux-x86_64-debian-gcc 0.1.0 4.52 33.91 38.43 NOTE
r-devel-linux-x86_64-fedora-clang 0.1.0 63.82 NOTE
r-devel-linux-x86_64-fedora-gcc 0.1.0 60.52 NOTE
r-devel-windows-x86_64 0.1.0 7.00 54.00 61.00 NOTE
r-patched-linux-x86_64 0.1.0 3.74 42.59 46.33 NOTE
r-release-linux-x86_64 0.1.0 3.70 41.74 45.44 NOTE
r-release-macos-arm64 0.1.0 24.00 NOTE
r-release-macos-x86_64 0.1.0 45.00 NOTE
r-release-windows-x86_64 0.1.0 6.00 53.00 59.00 NOTE
r-oldrel-macos-arm64 0.1.0 24.00 NOTE
r-oldrel-macos-x86_64 0.1.0 34.00 NOTE
r-oldrel-windows-x86_64 0.1.0 8.00 59.00 67.00 NOTE

Check Details

Version: 0.1.0
Check: LazyData
Result: NOTE 'LazyData' is specified without a 'data' directory Flavors: r-devel-linux-x86_64-debian-clang, r-devel-linux-x86_64-debian-gcc, r-devel-linux-x86_64-fedora-clang, r-devel-linux-x86_64-fedora-gcc, r-devel-windows-x86_64, r-patched-linux-x86_64, r-release-linux-x86_64, r-release-macos-arm64, r-release-macos-x86_64, r-release-windows-x86_64, r-oldrel-macos-arm64, r-oldrel-macos-x86_64, r-oldrel-windows-x86_64