CRAN Package Check Results for Package mudata2

Last updated on 2020-09-28 15:47:47 CEST.

Flavor Version Tinstall Tcheck Ttotal Status Flags
r-devel-linux-x86_64-debian-clang 1.1.2 6.53 128.68 135.21 OK
r-devel-linux-x86_64-debian-gcc 1.1.2 6.32 94.82 101.14 OK
r-devel-linux-x86_64-fedora-clang 1.1.2 162.67 NOTE
r-devel-linux-x86_64-fedora-gcc 1.1.2 154.99 NOTE
r-devel-windows-ix86+x86_64 1.1.2 16.00 163.00 179.00 OK
r-patched-linux-x86_64 1.1.2 8.35 121.63 129.98 OK
r-patched-solaris-x86 1.1.2 198.00 NOTE
r-release-linux-x86_64 1.1.2 7.37 121.54 128.91 OK
r-release-macos-x86_64 1.1.2 NOTE
r-release-windows-ix86+x86_64 1.1.2 15.00 171.00 186.00 OK
r-oldrel-macos-x86_64 1.1.2 NOTE
r-oldrel-windows-ix86+x86_64 1.1.2 13.00 149.00 162.00 OK

Check Details

Version: 1.1.2
Check: dependencies in R code
Result: NOTE
    Namespace in Imports field not imported from: ‘ggplot2’
     All declared Imports should be used.
Flavors: r-devel-linux-x86_64-fedora-clang, r-devel-linux-x86_64-fedora-gcc, r-patched-solaris-x86, r-release-macos-x86_64, r-oldrel-macos-x86_64