CRAN Package Check Results for Package muHVT

Last updated on 2020-09-29 15:47:39 CEST.

Flavor Version Tinstall Tcheck Ttotal Status Flags
r-devel-linux-x86_64-debian-clang 1.0.2 8.42 189.42 197.84 OK
r-devel-linux-x86_64-debian-gcc 1.0.2 6.01 139.03 145.04 OK
r-devel-linux-x86_64-fedora-clang 1.0.2 233.79 NOTE
r-devel-linux-x86_64-fedora-gcc 1.0.2 231.93 NOTE
r-devel-windows-ix86+x86_64 1.0.2 15.00 195.00 210.00 OK
r-patched-linux-x86_64 1.0.2 4.75 179.23 183.98 OK
r-patched-solaris-x86 1.0.2 271.10 NOTE
r-release-linux-x86_64 1.0.2 5.53 180.43 185.96 OK
r-release-macos-x86_64 1.0.2 NOTE
r-release-windows-ix86+x86_64 1.0.2 15.00 226.00 241.00 OK
r-oldrel-macos-x86_64 1.0.2 NOTE
r-oldrel-windows-ix86+x86_64 1.0.2 12.00 214.00 226.00 OK

Check Details

Version: 1.0.2
Check: dependencies in R code
Result: NOTE
    Namespace in Imports field not imported from: ‘gtools’
     All declared Imports should be used.
Flavors: r-devel-linux-x86_64-fedora-clang, r-devel-linux-x86_64-fedora-gcc, r-patched-solaris-x86, r-release-macos-x86_64, r-oldrel-macos-x86_64