CRAN Package Check Results for Package mstrio

Last updated on 2024-06-15 04:48:48 CEST.

Flavor Version Tinstall Tcheck Ttotal Status Flags
r-devel-linux-x86_64-debian-clang 11.3.5.101 13.42 56.85 70.27 OK
r-devel-linux-x86_64-debian-gcc 11.3.5.101 10.01 43.28 53.29 OK
r-devel-linux-x86_64-fedora-clang 11.3.5.101 93.24 NOTE
r-devel-linux-x86_64-fedora-gcc 11.3.5.101 97.24 NOTE
r-devel-windows-x86_64 11.3.5.101 12.00 64.00 76.00 OK
r-patched-linux-x86_64 11.3.5.101 14.04 53.98 68.02 OK
r-release-linux-x86_64 11.3.5.101 13.25 53.81 67.06 OK
r-release-macos-arm64 11.3.5.101 34.00 OK
r-release-macos-x86_64 11.3.5.101 52.00 OK
r-release-windows-x86_64 11.3.5.101 13.00 68.00 81.00 OK
r-oldrel-macos-arm64 11.3.5.101 36.00 OK
r-oldrel-macos-x86_64 11.3.5.101 46.00 OK
r-oldrel-windows-x86_64 11.3.5.101 16.00 72.00 88.00 OK

Check Details

Version: 11.3.5.101
Check: dependencies in R code
Result: NOTE Namespaces in Imports field not imported from: ‘markdown’ ‘methods’ ‘vctrs’ All declared Imports should be used. Flavors: r-devel-linux-x86_64-fedora-clang, r-devel-linux-x86_64-fedora-gcc