CRAN Package Check Results for Package mssqlR

Last updated on 2021-01-18 15:50:08 CET.

Flavor Version Tinstall Tcheck Ttotal Status Flags
r-devel-linux-x86_64-debian-clang 1.0.0 2.17 20.64 22.81 OK
r-devel-linux-x86_64-debian-gcc 1.0.0 1.61 16.92 18.53 OK
r-devel-linux-x86_64-fedora-clang 1.0.0 37.41 OK
r-devel-linux-x86_64-fedora-gcc 1.0.0 27.85 OK
r-devel-windows-ix86+x86_64 1.0.0 4.00 30.00 34.00 OK
r-patched-linux-x86_64 1.0.0 1.98 20.38 22.36 OK
r-patched-solaris-x86 1.0.0 43.40 OK
r-release-linux-x86_64 1.0.0 1.81 20.21 22.02 OK
r-release-macos-x86_64 1.0.0 ERROR
r-release-windows-ix86+x86_64 1.0.0 4.00 28.00 32.00 OK
r-oldrel-macos-x86_64 1.0.0 ERROR
r-oldrel-windows-ix86+x86_64 1.0.0 4.00 30.00 34.00 OK

Check Details

Version: 1.0.0
Check: examples
Result: ERROR
    Running examples in ‘mssqlR-Ex.R’ failed
Flavors: r-release-macos-x86_64, r-oldrel-macos-x86_64