CRAN Package Check Results for Package msigdbr

Last updated on 2020-11-27 03:50:15 CET.

Flavor Version Tinstall Tcheck Ttotal Status Flags
r-devel-linux-x86_64-debian-clang 7.2.1 44.81 104.79 149.60 OK
r-devel-linux-x86_64-debian-gcc 7.2.1 33.52 86.97 120.49 OK
r-devel-linux-x86_64-fedora-clang 7.2.1 186.28 NOTE
r-devel-linux-x86_64-fedora-gcc 7.2.1 177.24 OK
r-devel-windows-ix86+x86_64 7.2.1 61.00 99.00 160.00 NOTE
r-patched-linux-x86_64 7.2.1 38.12 102.24 140.36 OK
r-patched-solaris-x86 7.2.1 360.50 NOTE
r-release-linux-x86_64 7.2.1 39.61 98.35 137.96 OK
r-release-macos-x86_64 7.2.1 NOTE
r-release-windows-ix86+x86_64 7.2.1 60.00 134.00 194.00 NOTE
r-oldrel-macos-x86_64 7.2.1 NOTE
r-oldrel-windows-ix86+x86_64 7.2.1 64.00 130.00 194.00 NOTE

Check Details

Version: 7.2.1
Check: installed package size
Result: NOTE
     installed size is 6.6Mb
     sub-directories of 1Mb or more:
     R 6.4Mb
Flavors: r-devel-linux-x86_64-fedora-clang, r-devel-windows-ix86+x86_64, r-patched-solaris-x86, r-release-macos-x86_64, r-release-windows-ix86+x86_64, r-oldrel-macos-x86_64, r-oldrel-windows-ix86+x86_64