CRAN Package Check Results for Package msgl

Last updated on 2022-10-07 15:53:02 CEST.

Flavor Version Tinstall Tcheck Ttotal Status Flags
r-devel-linux-x86_64-debian-clang 2.3.9 37.41 106.69 144.10 OK
r-devel-linux-x86_64-debian-gcc 2.3.9 30.47 79.57 110.04 OK
r-devel-linux-x86_64-fedora-clang 2.3.9 196.41 OK
r-devel-linux-x86_64-fedora-gcc 2.3.9 187.58 OK
r-devel-windows-x86_64 2.3.9 49.00 190.00 239.00 OK
r-patched-linux-x86_64 2.3.9 35.42 98.81 134.23 OK
r-release-linux-x86_64 2.3.9 35.01 98.76 133.77 OK
r-release-macos-arm64 2.3.9 69.00 NOTE
r-release-macos-x86_64 2.3.9 84.00 NOTE
r-release-windows-x86_64 2.3.9 46.00 177.00 223.00 OK
r-oldrel-macos-arm64 2.3.9 78.00 NOTE
r-oldrel-macos-x86_64 2.3.9 123.00 NOTE
r-oldrel-windows-ix86+x86_64 2.3.9 88.00 237.00 325.00 OK

Check Details

Version: 2.3.9
Check: installed package size
Result: NOTE
     installed size is 5.1Mb
     sub-directories of 1Mb or more:
     libs 4.1Mb
Flavors: r-release-macos-arm64, r-release-macos-x86_64, r-oldrel-macos-arm64, r-oldrel-macos-x86_64