CRAN Package Check Results for Package msgl

Last updated on 2020-12-01 04:47:41 CET.

Flavor Version Tinstall Tcheck Ttotal Status Flags
r-devel-linux-x86_64-debian-clang 2.3.9 53.18 99.88 153.06 OK
r-devel-linux-x86_64-debian-gcc 2.3.9 27.89 75.69 103.58 OK
r-devel-linux-x86_64-fedora-clang 2.3.9 179.02 OK
r-devel-linux-x86_64-fedora-gcc 2.3.9 165.74 OK
r-devel-windows-ix86+x86_64 2.3.9 84.00 164.00 248.00 OK
r-patched-linux-x86_64 2.3.9 74.25 96.33 170.58 OK
r-patched-solaris-x86 2.3.9 287.80 OK
r-release-linux-x86_64 2.3.9 57.04 96.36 153.40 OK
r-release-macos-x86_64 2.3.9 NOTE
r-release-windows-ix86+x86_64 2.3.9 61.00 170.00 231.00 OK
r-oldrel-macos-x86_64 2.3.9 NOTE
r-oldrel-windows-ix86+x86_64 2.3.9 67.00 216.00 283.00 OK

Check Details

Version: 2.3.9
Check: installed package size
Result: NOTE
     installed size is 5.2Mb
     sub-directories of 1Mb or more:
     libs 4.2Mb
Flavors: r-release-macos-x86_64, r-oldrel-macos-x86_64