CRAN Package Check Results for Package msae

Last updated on 2021-09-19 03:51:16 CEST.

Flavor Version Tinstall Tcheck Ttotal Status Flags
r-devel-linux-x86_64-debian-clang 0.1.3 3.90 40.14 44.04 OK
r-devel-linux-x86_64-debian-gcc 0.1.3 3.57 32.05 35.62 OK
r-devel-linux-x86_64-fedora-clang 0.1.3 63.00 OK
r-devel-linux-x86_64-fedora-gcc 0.1.3 52.30 OK
r-devel-windows-x86_64 0.1.3 6.00 56.00 62.00 OK
r-devel-windows-x86_64-gcc10-UCRT 0.1.3 ERROR
r-patched-linux-x86_64 0.1.3 4.00 39.22 43.22 OK
r-patched-solaris-x86 0.1.3 78.50 OK
r-release-linux-x86_64 0.1.3 3.54 39.91 43.45 OK
r-release-macos-arm64 0.1.3 OK
r-release-macos-x86_64 0.1.3 OK
r-release-windows-ix86+x86_64 0.1.3 8.00 40.00 48.00 OK
r-oldrel-macos-x86_64 0.1.3 OK
r-oldrel-windows-ix86+x86_64 0.1.3 8.00 60.00 68.00 OK

Check Details

Version: 0.1.3
Check: whether package can be installed
Result: WARN
    Found the following significant warnings:
     WARNING: installation-time patches will not be applied, could not get the patches index
Flavor: r-devel-windows-x86_64-gcc10-UCRT

Version: 0.1.3
Check: PDF version of manual
Result: WARN
    LaTeX errors when creating PDF version.
    This typically indicates Rd problems.
Flavor: r-devel-windows-x86_64-gcc10-UCRT

Version: 0.1.3
Check: PDF version of manual without hyperrefs or index
Result: ERROR
    Re-running with no redirection of stdout/stderr.
Flavor: r-devel-windows-x86_64-gcc10-UCRT