CRAN Package Check Results for Package mro

Last updated on 2023-03-26 15:52:39 CEST.

Flavor Version Tinstall Tcheck Ttotal Status Flags
r-devel-linux-x86_64-debian-clang 0.1.1 1.99 20.42 22.41 NOTE
r-devel-linux-x86_64-debian-gcc 0.1.1 1.71 16.35 18.06 NOTE
r-devel-linux-x86_64-fedora-clang 0.1.1 29.30 NOTE
r-devel-linux-x86_64-fedora-gcc 0.1.1 27.26 NOTE
r-patched-linux-x86_64 0.1.1 2.19 19.79 21.98 NOTE
r-release-linux-x86_64 0.1.1 1.90 21.31 23.21 NOTE
r-release-macos-arm64 0.1.1 15.00 NOTE
r-release-macos-x86_64 0.1.1 19.00 NOTE
r-release-windows-x86_64 0.1.1 10.00 53.00 63.00 NOTE
r-oldrel-macos-arm64 0.1.1 17.00 NOTE
r-oldrel-macos-x86_64 0.1.1 27.00 NOTE
r-oldrel-windows-ix86+x86_64 0.1.1 6.00 48.00 54.00 NOTE

Check Details

Version: 0.1.1
Check: LazyData
Result: NOTE
     'LazyData' is specified without a 'data' directory
Flavors: r-devel-linux-x86_64-debian-clang, r-devel-linux-x86_64-debian-gcc, r-devel-linux-x86_64-fedora-clang, r-devel-linux-x86_64-fedora-gcc, r-patched-linux-x86_64, r-release-linux-x86_64, r-release-macos-arm64, r-release-macos-x86_64, r-release-windows-x86_64, r-oldrel-macos-arm64, r-oldrel-macos-x86_64, r-oldrel-windows-ix86+x86_64