Last updated on 2022-08-08 03:55:48 CEST.
Flavor | Version | Tinstall | Tcheck | Ttotal | Status | Flags |
---|---|---|---|---|---|---|
r-devel-linux-x86_64-debian-clang | 1.0.4 | 137.65 | 160.59 | 298.24 | OK | |
r-devel-linux-x86_64-debian-gcc | 1.0.4 | 115.25 | 115.76 | 231.01 | OK | |
r-devel-linux-x86_64-fedora-clang | 1.0.4 | 435.81 | NOTE | |||
r-devel-linux-x86_64-fedora-gcc | 1.0.4 | 386.35 | OK | |||
r-devel-windows-x86_64 | 1.0.4 | 290.00 | 218.00 | 508.00 | OK | |
r-patched-linux-x86_64 | 1.0.4 | 121.46 | 143.92 | 265.38 | OK | |
r-release-linux-x86_64 | 1.0.4 | OK | ||||
r-release-macos-arm64 | 1.0.4 | 105.00 | NOTE | |||
r-release-macos-x86_64 | 1.0.4 | 123.00 | NOTE | |||
r-release-windows-x86_64 | 1.0.4 | 398.00 | 216.00 | 614.00 | OK | |
r-oldrel-macos-arm64 | 1.0.4 | 102.00 | NOTE | |||
r-oldrel-macos-x86_64 | 1.0.4 | 127.00 | NOTE | |||
r-oldrel-windows-ix86+x86_64 | 1.0.4 | 398.00 | 273.00 | 671.00 | OK |
Version: 1.0.4
Check: installed package size
Result: NOTE
installed size is 5.3Mb
sub-directories of 1Mb or more:
libs 3.5Mb
Flavors: r-devel-linux-x86_64-fedora-clang, r-release-macos-arm64, r-release-macos-x86_64, r-oldrel-macos-arm64, r-oldrel-macos-x86_64